Last updated on 2022-06-30 17:49:43 CEST.
Flavor | Version | Tinstall | Tcheck | Ttotal | Status | Flags |
---|---|---|---|---|---|---|
r-devel-linux-x86_64-debian-clang | 0.1.0 | 6.49 | 53.01 | 59.50 | OK | |
r-devel-linux-x86_64-debian-gcc | 0.1.0 | 4.44 | 39.35 | 43.79 | OK | |
r-devel-linux-x86_64-fedora-clang | 0.1.0 | 80.40 | NOTE | |||
r-devel-linux-x86_64-fedora-gcc | 0.1.0 | 77.93 | NOTE | |||
r-devel-windows-x86_64 | 0.1.0 | 29.00 | 79.00 | 108.00 | OK | |
r-patched-linux-x86_64 | 0.1.0 | 5.21 | 50.34 | 55.55 | OK | |
r-release-linux-x86_64 | 0.1.0 | 4.45 | 48.93 | 53.38 | OK | |
r-release-macos-arm64 | 0.1.0 | 25.00 | NOTE | |||
r-release-macos-x86_64 | 0.1.0 | 53.00 | NOTE | |||
r-release-windows-x86_64 | 0.1.0 | 27.00 | 81.00 | 108.00 | OK | |
r-oldrel-macos-arm64 | 0.1.0 | 38.00 | NOTE | |||
r-oldrel-macos-x86_64 | 0.1.0 | 33.00 | NOTE | |||
r-oldrel-windows-ix86+x86_64 | 0.1.0 | 16.00 | 70.00 | 86.00 | OK |
Version: 0.1.0
Check: dependencies in R code
Result: NOTE
Namespaces in Imports field not imported from:
‘DT’ ‘ggiraph’ ‘ggplot2’ ‘reshape2’ ‘stats’ ‘tidyr’ ‘tidyselect’
All declared Imports should be used.
Flavors: r-devel-linux-x86_64-fedora-clang, r-devel-linux-x86_64-fedora-gcc, r-release-macos-arm64, r-release-macos-x86_64, r-oldrel-macos-arm64, r-oldrel-macos-x86_64