Last updated on 2024-08-16 11:49:38 CEST.
Flavor | Version | Tinstall | Tcheck | Ttotal | Status | Flags |
---|---|---|---|---|---|---|
r-devel-linux-x86_64-debian-clang | 1.5.0 | 115.76 | 181.69 | 297.45 | OK | |
r-devel-linux-x86_64-debian-gcc | 1.5.0 | 80.90 | 140.43 | 221.33 | OK | |
r-devel-linux-x86_64-fedora-clang | 1.5.0 | 577.13 | OK | |||
r-devel-linux-x86_64-fedora-gcc | 1.5.0 | 581.96 | OK | |||
r-devel-windows-x86_64 | 1.5.0 | 127.00 | 194.00 | 321.00 | OK | |
r-patched-linux-x86_64 | 1.5.0 | 111.01 | 187.96 | 298.97 | OK | |
r-release-linux-x86_64 | 1.5.0 | 120.24 | 189.96 | 310.20 | OK | |
r-release-macos-arm64 | 1.5.0 | 158.00 | NOTE | |||
r-release-macos-x86_64 | 1.5.0 | 335.00 | NOTE | |||
r-release-windows-x86_64 | 1.5.0 | 129.00 | 198.00 | 327.00 | OK | |
r-oldrel-macos-arm64 | 1.5.0 | 175.00 | NOTE | |||
r-oldrel-macos-x86_64 | 1.5.0 | 274.00 | NOTE | |||
r-oldrel-windows-x86_64 | 1.5.0 | 150.00 | 240.00 | 390.00 | OK |
Version: 1.5.0
Check: installed package size
Result: NOTE
installed size is 9.5Mb
sub-directories of 1Mb or more:
doc 1.2Mb
libs 7.5Mb
Flavors: r-release-macos-arm64, r-release-macos-x86_64, r-oldrel-macos-arm64, r-oldrel-macos-x86_64