CRAN Package Check Results for Package dexterMST

Last updated on 2022-11-26 10:57:56 CET.

Flavor Version Tinstall Tcheck Ttotal Status Flags
r-devel-linux-x86_64-debian-clang 0.9.3 63.71 198.36 262.07 OK
r-devel-linux-x86_64-debian-gcc 0.9.3 49.30 141.74 191.04 OK
r-devel-linux-x86_64-fedora-clang 0.9.3 355.29 OK
r-devel-windows-x86_64 0.9.3 64.00 227.00 291.00 OK
r-patched-linux-x86_64 0.9.3 OK
r-release-linux-x86_64 0.9.3 39.57 181.87 221.44 OK
r-release-macos-arm64 0.9.3 79.00 OK
r-release-macos-x86_64 0.9.3 128.00 OK
r-release-windows-x86_64 0.9.3 88.00 237.00 325.00 OK
r-oldrel-macos-arm64 0.9.3 74.00 NOTE
r-oldrel-macos-x86_64 0.9.3 102.00 OK
r-oldrel-windows-ix86+x86_64 0.9.3 144.00 324.00 468.00 OK

Check Details

Version: 0.9.3
Check: installed package size
Result: NOTE
     installed size is 5.6Mb
     sub-directories of 1Mb or more:
     libs 4.9Mb
Flavor: r-oldrel-macos-arm64