Last updated on 2024-08-16 11:49:38 CEST.
Flavor | Version | Tinstall | Tcheck | Ttotal | Status | Flags |
---|---|---|---|---|---|---|
r-devel-linux-x86_64-debian-clang | 0.2.6 | 14.88 | 88.50 | 103.38 | OK | |
r-devel-linux-x86_64-debian-gcc | 0.2.6 | 9.41 | 62.83 | 72.24 | OK | |
r-devel-linux-x86_64-fedora-clang | 0.2.6 | 170.37 | NOTE | |||
r-devel-linux-x86_64-fedora-gcc | 0.2.6 | 166.44 | OK | |||
r-devel-windows-x86_64 | 0.2.6 | 16.00 | 91.00 | 107.00 | OK | |
r-patched-linux-x86_64 | 0.2.6 | 12.30 | 83.05 | 95.35 | OK | |
r-release-linux-x86_64 | 0.2.6 | 15.31 | 83.69 | 99.00 | OK | |
r-release-macos-arm64 | 0.2.6 | 55.00 | OK | |||
r-release-macos-x86_64 | 0.2.6 | 109.00 | OK | |||
r-release-windows-x86_64 | 0.2.6 | 16.00 | 92.00 | 108.00 | OK | |
r-oldrel-macos-arm64 | 0.2.6 | 51.00 | OK | |||
r-oldrel-macos-x86_64 | 0.2.6 | 90.00 | NOTE | |||
r-oldrel-windows-x86_64 | 0.2.6 | 22.00 | 113.00 | 135.00 | OK |
Version: 0.2.6
Check: package dependencies
Result: NOTE
Imports includes 22 non-default packages.
Importing from so many packages makes the package vulnerable to any of
them becoming unavailable. Move as many as possible to Suggests and
use conditionally.
Flavor: r-devel-linux-x86_64-fedora-clang
Version: 0.2.6
Check: package dependencies
Result: NOTE
Packages suggested but not available for checking: 'psych', 'sirt'
Flavor: r-oldrel-macos-x86_64