Last updated on 2024-08-31 23:49:02 CEST.
Flavor | Version | Tinstall | Tcheck | Ttotal | Status | Flags |
---|---|---|---|---|---|---|
r-devel-linux-x86_64-debian-clang | 1.0.0 | 12.53 | 92.81 | 105.34 | NOTE | |
r-devel-linux-x86_64-debian-gcc | 1.0.0 | 8.12 | 63.65 | 71.77 | NOTE | |
r-devel-linux-x86_64-fedora-clang | 1.0.0 | 168.21 | OK | |||
r-devel-linux-x86_64-fedora-gcc | 1.0.0 | 153.03 | OK | |||
r-devel-windows-x86_64 | 1.0.0 | 12.00 | 96.00 | 108.00 | NOTE | |
r-patched-linux-x86_64 | 1.0.0 | 14.31 | 84.20 | 98.51 | OK | |
r-release-linux-x86_64 | 1.0.0 | 10.74 | 84.18 | 94.92 | OK | |
r-release-macos-arm64 | 1.0.0 | 52.00 | OK | |||
r-release-macos-x86_64 | 1.0.0 | 68.00 | OK | |||
r-release-windows-x86_64 | 1.0.0 | 13.00 | 94.00 | 107.00 | OK | |
r-oldrel-macos-arm64 | 1.0.0 | 58.00 | OK | |||
r-oldrel-macos-x86_64 | 1.0.0 | 82.00 | OK | |||
r-oldrel-windows-x86_64 | 1.0.0 | 18.00 | 121.00 | 139.00 | OK |
Version: 1.0.0
Check: Rd cross-references
Result: NOTE
Found the following Rd file(s) with Rd \link{} targets missing package
anchors:
MA_estimates.Rd: glmer, lmerControl, glmerControl
REMB-class.Rd: glmer
glimem.Rd: glmer, lmerControl, glmerControl
Please provide package anchors for all Rd \link{} targets not in the
package itself and the base packages.
Flavors: r-devel-linux-x86_64-debian-clang, r-devel-linux-x86_64-debian-gcc, r-devel-windows-x86_64