Last updated on 2023-03-24 11:55:48 CET.
Flavor | Version | Tinstall | Tcheck | Ttotal | Status | Flags |
---|---|---|---|---|---|---|
r-devel-linux-x86_64-debian-clang | 0.1.0 | 20.96 | 128.85 | 149.81 | OK | |
r-devel-linux-x86_64-debian-gcc | 0.1.0 | 15.59 | 95.56 | 111.15 | OK | |
r-devel-linux-x86_64-fedora-clang | 0.1.0 | 186.49 | NOTE | |||
r-devel-linux-x86_64-fedora-gcc | 0.1.0 | 177.15 | NOTE | |||
r-devel-windows-x86_64 | 0.1.0 | 52.00 | 156.00 | 208.00 | OK | |
r-patched-linux-x86_64 | 0.1.0 | 24.25 | 119.03 | 143.28 | OK | |
r-release-linux-x86_64 | 0.1.0 | 22.76 | 120.35 | 143.11 | OK | |
r-release-macos-arm64 | 0.1.0 | 56.00 | NOTE | |||
r-release-macos-x86_64 | 0.1.0 | 112.00 | NOTE | |||
r-release-windows-x86_64 | 0.1.0 | 41.00 | 156.00 | 197.00 | OK | |
r-oldrel-macos-arm64 | 0.1.0 | 46.00 | NOTE | |||
r-oldrel-macos-x86_64 | 0.1.0 | 71.00 | NOTE | |||
r-oldrel-windows-ix86+x86_64 | 0.1.0 | 43.00 | 147.00 | 190.00 | OK |
Version: 0.1.0
Check: data for non-ASCII characters
Result: NOTE
Note: found 8014 marked UTF-8 strings
Flavors: r-devel-linux-x86_64-fedora-clang, r-devel-linux-x86_64-fedora-gcc, r-release-macos-arm64, r-release-macos-x86_64, r-oldrel-macos-arm64, r-oldrel-macos-x86_64