CRAN Package Check Results for Package dictionaRy

Last updated on 2024-05-21 23:52:34 CEST.

Flavor Version Tinstall Tcheck Ttotal Status Flags
r-devel-linux-x86_64-debian-clang 0.1.1 2.91 37.57 40.48 NOTE
r-devel-linux-x86_64-debian-gcc 0.1.1 3.32 28.16 31.48 NOTE
r-devel-linux-x86_64-fedora-clang 0.1.1 53.42 NOTE
r-devel-linux-x86_64-fedora-gcc 0.1.1 48.02 NOTE
r-devel-windows-x86_64 0.1.1 5.00 48.00 53.00 NOTE
r-patched-linux-x86_64 0.1.1 4.62 36.13 40.75 NOTE
r-release-linux-x86_64 0.1.1 4.41 35.99 40.40 NOTE
r-release-macos-arm64 0.1.1 20.00 NOTE
r-release-windows-x86_64 0.1.1 5.00 48.00 53.00 NOTE
r-oldrel-macos-arm64 0.1.1 21.00 OK
r-oldrel-macos-x86_64 0.1.1 28.00 OK
r-oldrel-windows-x86_64 0.1.1 6.00 50.00 56.00 OK

Check Details

Version: 0.1.1
Check: Rd files
Result: NOTE checkRd: (-1) define.Rd:16: Lost braces in \itemize; \value handles \item{}{} directly checkRd: (-1) define.Rd:17-18: Lost braces in \itemize; \value handles \item{}{} directly checkRd: (-1) define.Rd:19: Lost braces in \itemize; \value handles \item{}{} directly checkRd: (-1) define.Rd:20: Lost braces in \itemize; \value handles \item{}{} directly checkRd: (-1) define.Rd:21-22: Lost braces in \itemize; \value handles \item{}{} directly checkRd: (-1) define.Rd:23-24: Lost braces in \itemize; \value handles \item{}{} directly checkRd: (-1) define.Rd:25: Lost braces in \itemize; \value handles \item{}{} directly checkRd: (-1) define.Rd:26: Lost braces in \itemize; \value handles \item{}{} directly checkRd: (-1) define.Rd:27: Lost braces in \itemize; \value handles \item{}{} directly checkRd: (-1) define.Rd:28: Lost braces in \itemize; \value handles \item{}{} directly checkRd: (-1) define.Rd:29: Lost braces in \itemize; \value handles \item{}{} directly Flavors: r-devel-linux-x86_64-debian-clang, r-devel-linux-x86_64-debian-gcc, r-devel-linux-x86_64-fedora-clang, r-devel-linux-x86_64-fedora-gcc, r-devel-windows-x86_64, r-patched-linux-x86_64, r-release-linux-x86_64, r-release-macos-arm64, r-release-windows-x86_64