CRAN Package Check Results for Package diffIRT

Last updated on 2022-01-24 17:49:52 CET.

Flavor Version Tinstall Tcheck Ttotal Status Flags
r-devel-linux-x86_64-debian-clang 1.5 4.51 40.17 44.68 OK
r-devel-linux-x86_64-debian-gcc 1.5 4.61 30.88 35.49 OK
r-devel-linux-x86_64-fedora-clang 1.5 57.42 NOTE
r-devel-linux-x86_64-fedora-gcc 1.5 45.52 NOTE
r-devel-windows-x86_64-new-UL 1.5 33.00 58.00 91.00 OK
r-devel-windows-x86_64-new-TK 1.5 OK
r-patched-linux-x86_64 1.5 4.64 38.99 43.63 OK
r-release-linux-x86_64 1.5 4.92 39.06 43.98 OK
r-release-macos-arm64 1.5 OK
r-release-macos-x86_64 1.5 OK
r-release-windows-ix86+x86_64 1.5 12.00 56.00 68.00 OK
r-oldrel-macos-x86_64 1.5 OK
r-oldrel-windows-ix86+x86_64 1.5 12.00 55.00 67.00 OK

Check Details

Version: 1.5
Check: compiled code
Result: NOTE
    File ‘diffIRT/libs/diffIRT.so’:
     Found no calls to: ‘R_registerRoutines’, ‘R_useDynamicSymbols’
    
    It is good practice to register native routines and to disable symbol
    search.
    
    See ‘Writing portable packages’ in the ‘Writing R Extensions’ manual.
Flavors: r-devel-linux-x86_64-fedora-clang, r-devel-linux-x86_64-fedora-gcc