CRAN Package Check Results for Package diffdfs

Last updated on 2023-05-30 17:56:34 CEST.

Flavor Version Tinstall Tcheck Ttotal Status Flags
r-devel-linux-x86_64-debian-clang 0.9.0 7.51 62.72 70.23 OK
r-devel-linux-x86_64-debian-gcc 0.9.0 5.68 47.08 52.76 OK
r-devel-linux-x86_64-fedora-clang 0.9.0 90.13 OK
r-devel-linux-x86_64-fedora-gcc 0.9.0 82.54 OK
r-devel-windows-x86_64 0.9.0 8.00 65.00 73.00 WARN
r-patched-linux-x86_64 0.9.0 6.80 59.23 66.03 OK
r-release-linux-x86_64 0.9.0 6.40 58.98 65.38 OK
r-release-macos-arm64 0.9.0 28.00 OK
r-release-macos-x86_64 0.9.0 49.00 OK
r-release-windows-x86_64 0.9.0 10.00 74.00 84.00 WARN
r-oldrel-macos-arm64 0.9.0 28.00 OK
r-oldrel-macos-x86_64 0.9.0 42.00 OK
r-oldrel-windows-x86_64 0.9.0 10.00 78.00 88.00 WARN

Check Details

Version: 0.9.0
Check: dependencies in R code
Result: NOTE
     #STDOFF 2:05:08.9
     #STDOFF 8:05:43.2
     #STDOFF 7:36:41.7
     #STDOFF -0:25:21.1
     #STDOFF 1:39:49.2
     #STDOFF -0:36:44.68
     #STDOFF -4:56:01.6
     #STDOFF -3:58:29.2
     #STDOFF -4:19:18.3
     #STDOFF -5:36:13.3
     #STDOFF -4:56:16.4
     #STDOFF 2:05:08.9
     #STDOFF 8:05:43.2
     #STDOFF 7:36:41.7
     #STDOFF -0:25:21.1
     #STDOFF 1:39:49.2
     #STDOFF -0:36:44.68
     #STDOFF -4:56:01.6
     #STDOFF -3:58:29.2
     #STDOFF -4:19:18.3
     #STDOFF -5:36:13.3
     #STDOFF -4:56:16.4
Flavors: r-devel-windows-x86_64, r-release-windows-x86_64, r-oldrel-windows-x86_64

Version: 0.9.0
Check: S3 generic/method consistency
Result: WARN
     #STDOFF 2:05:08.9
     #STDOFF 8:05:43.2
     #STDOFF 7:36:41.7
     #STDOFF -0:25:21.1
     #STDOFF 1:39:49.2
     #STDOFF -0:36:44.68
     #STDOFF -4:56:01.6
     #STDOFF -3:58:29.2
     #STDOFF -4:19:18.3
     #STDOFF -5:36:13.3
     #STDOFF -4:56:16.4
     #STDOFF 2:05:08.9
     #STDOFF 8:05:43.2
     #STDOFF 7:36:41.7
     #STDOFF -0:25:21.1
     #STDOFF 1:39:49.2
     #STDOFF -0:36:44.68
     #STDOFF -4:56:01.6
     #STDOFF -3:58:29.2
     #STDOFF -4:19:18.3
     #STDOFF -5:36:13.3
     #STDOFF -4:56:16.4
    See section 'Generic functions and methods' in the 'Writing R
    Extensions' manual.
Flavors: r-devel-windows-x86_64, r-release-windows-x86_64, r-oldrel-windows-x86_64

Version: 0.9.0
Check: replacement functions
Result: WARN
     #STDOFF 2:05:08.9
     #STDOFF 8:05:43.2
     #STDOFF 7:36:41.7
     #STDOFF -0:25:21.1
     #STDOFF 1:39:49.2
     #STDOFF -0:36:44.68
     #STDOFF -4:56:01.6
     #STDOFF -3:58:29.2
     #STDOFF -4:19:18.3
     #STDOFF -5:36:13.3
     #STDOFF -4:56:16.4
     #STDOFF 2:05:08.9
     #STDOFF 8:05:43.2
     #STDOFF 7:36:41.7
     #STDOFF -0:25:21.1
     #STDOFF 1:39:49.2
     #STDOFF -0:36:44.68
     #STDOFF -4:56:01.6
     #STDOFF -3:58:29.2
     #STDOFF -4:19:18.3
     #STDOFF -5:36:13.3
     #STDOFF -4:56:16.4
    The argument of a replacement function which corresponds to the right
    hand side must be named 'value'.
Flavors: r-devel-windows-x86_64, r-release-windows-x86_64, r-oldrel-windows-x86_64

Version: 0.9.0
Check: foreign function calls
Result: NOTE
     #STDOFF 2:05:08.9
     #STDOFF 8:05:43.2
     #STDOFF 7:36:41.7
     #STDOFF -0:25:21.1
     #STDOFF 1:39:49.2
     #STDOFF -0:36:44.68
     #STDOFF -4:56:01.6
     #STDOFF -3:58:29.2
     #STDOFF -4:19:18.3
     #STDOFF -5:36:13.3
     #STDOFF -4:56:16.4
     #STDOFF 2:05:08.9
     #STDOFF 8:05:43.2
     #STDOFF 7:36:41.7
     #STDOFF -0:25:21.1
     #STDOFF 1:39:49.2
     #STDOFF -0:36:44.68
     #STDOFF -4:56:01.6
     #STDOFF -3:58:29.2
     #STDOFF -4:19:18.3
     #STDOFF -5:36:13.3
     #STDOFF -4:56:16.4
    See chapter 'System and foreign language interfaces' in the 'Writing R
    Extensions' manual.
Flavors: r-devel-windows-x86_64, r-release-windows-x86_64, r-oldrel-windows-x86_64

Version: 0.9.0
Check: R code for possible problems
Result: NOTE
     #STDOFF 2:05:08.9
     #STDOFF 8:05:43.2
     #STDOFF 7:36:41.7
     #STDOFF -0:25:21.1
     #STDOFF 1:39:49.2
     #STDOFF -0:36:44.68
     #STDOFF -4:56:01.6
     #STDOFF -3:58:29.2
     #STDOFF -4:19:18.3
     #STDOFF -5:36:13.3
     #STDOFF -4:56:16.4
     #STDOFF 2:05:08.9
     #STDOFF 8:05:43.2
     #STDOFF 7:36:41.7
     #STDOFF -0:25:21.1
     #STDOFF 1:39:49.2
     #STDOFF -0:36:44.68
     #STDOFF -4:56:01.6
     #STDOFF -3:58:29.2
     #STDOFF -4:19:18.3
     #STDOFF -5:36:13.3
     #STDOFF -4:56:16.4
Flavors: r-devel-windows-x86_64, r-release-windows-x86_64, r-oldrel-windows-x86_64

Version: 0.9.0
Check: for missing documentation entries
Result: WARN
     #STDOFF 2:05:08.9
     #STDOFF 8:05:43.2
     #STDOFF 7:36:41.7
     #STDOFF -0:25:21.1
     #STDOFF 1:39:49.2
     #STDOFF -0:36:44.68
     #STDOFF -4:56:01.6
     #STDOFF -3:58:29.2
     #STDOFF -4:19:18.3
     #STDOFF -5:36:13.3
     #STDOFF -4:56:16.4
     #STDOFF 2:05:08.9
     #STDOFF 8:05:43.2
     #STDOFF 7:36:41.7
     #STDOFF -0:25:21.1
     #STDOFF 1:39:49.2
     #STDOFF -0:36:44.68
     #STDOFF -4:56:01.6
     #STDOFF -3:58:29.2
     #STDOFF -4:19:18.3
     #STDOFF -5:36:13.3
     #STDOFF -4:56:16.4
    All user-level objects in a package should have documentation entries.
    See chapter 'Writing R documentation files' in the 'Writing R
    Extensions' manual.
Flavors: r-devel-windows-x86_64, r-release-windows-x86_64, r-oldrel-windows-x86_64

Version: 0.9.0
Check: for code/documentation mismatches
Result: WARN
     #STDOFF 2:05:08.9
     #STDOFF 8:05:43.2
     #STDOFF 7:36:41.7
     #STDOFF -0:25:21.1
     #STDOFF 1:39:49.2
     #STDOFF -0:36:44.68
     #STDOFF -4:56:01.6
     #STDOFF -3:58:29.2
     #STDOFF -4:19:18.3
     #STDOFF -5:36:13.3
     #STDOFF -4:56:16.4
     #STDOFF 2:05:08.9
     #STDOFF 8:05:43.2
     #STDOFF 7:36:41.7
     #STDOFF -0:25:21.1
     #STDOFF 1:39:49.2
     #STDOFF -0:36:44.68
     #STDOFF -4:56:01.6
     #STDOFF -3:58:29.2
     #STDOFF -4:19:18.3
     #STDOFF -5:36:13.3
     #STDOFF -4:56:16.4
     #STDOFF 2:05:08.9
     #STDOFF 8:05:43.2
     #STDOFF 7:36:41.7
     #STDOFF -0:25:21.1
     #STDOFF 1:39:49.2
     #STDOFF -0:36:44.68
     #STDOFF -4:56:01.6
     #STDOFF -3:58:29.2
     #STDOFF -4:19:18.3
     #STDOFF -5:36:13.3
     #STDOFF -4:56:16.4
     #STDOFF 2:05:08.9
     #STDOFF 8:05:43.2
     #STDOFF 7:36:41.7
     #STDOFF -0:25:21.1
     #STDOFF 1:39:49.2
     #STDOFF -0:36:44.68
     #STDOFF -4:56:01.6
     #STDOFF -3:58:29.2
     #STDOFF -4:19:18.3
     #STDOFF -5:36:13.3
     #STDOFF -4:56:16.4
     #STDOFF 2:05:08.9
     #STDOFF 8:05:43.2
     #STDOFF 7:36:41.7
     #STDOFF -0:25:21.1
     #STDOFF 1:39:49.2
     #STDOFF -0:36:44.68
     #STDOFF -4:56:01.6
     #STDOFF -3:58:29.2
     #STDOFF -4:19:18.3
     #STDOFF -5:36:13.3
     #STDOFF -4:56:16.4
     #STDOFF 2:05:08.9
     #STDOFF 8:05:43.2
     #STDOFF 7:36:41.7
     #STDOFF -0:25:21.1
     #STDOFF 1:39:49.2
     #STDOFF -0:36:44.68
     #STDOFF -4:56:01.6
     #STDOFF -3:58:29.2
     #STDOFF -4:19:18.3
     #STDOFF -5:36:13.3
     #STDOFF -4:56:16.4
Flavors: r-devel-windows-x86_64, r-release-windows-x86_64, r-oldrel-windows-x86_64

Version: 0.9.0
Check: Rd \usage sections
Result: NOTE
     #STDOFF 2:05:08.9
     #STDOFF 8:05:43.2
     #STDOFF 7:36:41.7
     #STDOFF -0:25:21.1
     #STDOFF 1:39:49.2
     #STDOFF -0:36:44.68
     #STDOFF -4:56:01.6
     #STDOFF -3:58:29.2
     #STDOFF -4:19:18.3
     #STDOFF -5:36:13.3
     #STDOFF -4:56:16.4
     #STDOFF 2:05:08.9
     #STDOFF 8:05:43.2
     #STDOFF 7:36:41.7
     #STDOFF -0:25:21.1
     #STDOFF 1:39:49.2
     #STDOFF -0:36:44.68
     #STDOFF -4:56:01.6
     #STDOFF -3:58:29.2
     #STDOFF -4:19:18.3
     #STDOFF -5:36:13.3
     #STDOFF -4:56:16.4
    The \usage entries for S3 methods should use the \method markup and not
    their full name.
    See chapter 'Writing R documentation files' in the 'Writing R
    Extensions' manual.
Flavors: r-devel-windows-x86_64, r-release-windows-x86_64, r-oldrel-windows-x86_64