CRAN Package Check Results for Package diffobj

Last updated on 2021-09-16 11:53:19 CEST.

Flavor Version Tinstall Tcheck Ttotal Status Flags
r-devel-linux-x86_64-debian-clang 0.3.4 16.88 128.41 145.29 NOTE
r-devel-linux-x86_64-debian-gcc 0.3.4 13.54 95.56 109.10 NOTE
r-devel-linux-x86_64-fedora-clang 0.3.4 181.41 NOTE
r-devel-linux-x86_64-fedora-gcc 0.3.4 172.94 NOTE
r-devel-windows-x86_64 0.3.4 24.00 174.00 198.00 NOTE
r-devel-windows-x86_64-gcc10-UCRT 0.3.4 NOTE
r-patched-linux-x86_64 0.3.4 17.10 123.26 140.36 NOTE
r-patched-solaris-x86 0.3.4 222.20 NOTE
r-release-linux-x86_64 0.3.4 15.44 122.98 138.42 NOTE
r-release-macos-arm64 0.3.4 NOTE
r-release-macos-x86_64 0.3.4 NOTE
r-release-windows-ix86+x86_64 0.3.4 36.00 198.00 234.00 NOTE
r-oldrel-macos-x86_64 0.3.4 OK
r-oldrel-windows-ix86+x86_64 0.3.4 29.00 240.00 269.00 OK

Check Details

Version: 0.3.4
Check: LazyData
Result: NOTE
     'LazyData' is specified without a 'data' directory
Flavors: r-devel-linux-x86_64-debian-clang, r-devel-linux-x86_64-debian-gcc, r-devel-linux-x86_64-fedora-clang, r-devel-linux-x86_64-fedora-gcc, r-devel-windows-x86_64, r-devel-windows-x86_64-gcc10-UCRT, r-patched-linux-x86_64, r-patched-solaris-x86, r-release-linux-x86_64, r-release-macos-arm64, r-release-macos-x86_64, r-release-windows-ix86+x86_64