Last updated on 2024-04-24 18:52:37 CEST.
Flavor | Version | Tinstall | Tcheck | Ttotal | Status | Flags |
---|---|---|---|---|---|---|
r-devel-linux-x86_64-debian-clang | 1.0.1 | 40.59 | 72.34 | 112.93 | OK | |
r-devel-linux-x86_64-debian-gcc | 1.0.1 | 34.07 | 54.80 | 88.87 | OK | |
r-devel-linux-x86_64-fedora-clang | 1.0.1 | 160.06 | OK | |||
r-devel-linux-x86_64-fedora-gcc | 1.0.1 | 165.57 | OK | |||
r-devel-windows-x86_64 | 1.0.1 | 40.00 | 94.00 | 134.00 | OK | |
r-patched-linux-x86_64 | 1.0.1 | 45.89 | 70.44 | 116.33 | OK | |
r-release-linux-x86_64 | 1.0.1 | 47.56 | 69.78 | 117.34 | OK | |
r-release-macos-arm64 | 1.0.1 | 52.00 | OK | |||
r-release-windows-x86_64 | 1.0.1 | 39.00 | 92.00 | 131.00 | OK | |
r-oldrel-macos-arm64 | 1.0.1 | 45.00 | OK | |||
r-oldrel-macos-x86_64 | 1.0.1 | 73.00 | NOTE | |||
r-oldrel-windows-x86_64 | 1.0.1 | 50.00 | 106.00 | 156.00 | OK |
Version: 1.0.1
Check: package dependencies
Result: NOTE
Package suggested but not available for checking: ‘parallelDist’
Flavor: r-oldrel-macos-x86_64