Last updated on 2023-09-28 11:55:30 CEST.
Flavor | Version | Tinstall | Tcheck | Ttotal | Status | Flags |
---|---|---|---|---|---|---|
r-devel-linux-x86_64-debian-clang | 1.0.1 | 40.11 | 71.33 | 111.44 | OK | |
r-devel-linux-x86_64-debian-gcc | 1.0.1 | 25.36 | 53.30 | 78.66 | OK | |
r-devel-linux-x86_64-fedora-clang | 1.0.1 | 148.79 | OK | |||
r-devel-linux-x86_64-fedora-gcc | 1.0.1 | 155.50 | OK | |||
r-devel-windows-x86_64 | 1.0.1 | 35.00 | 94.00 | 129.00 | OK | |
r-patched-linux-x86_64 | 1.0.1 | 38.05 | 67.80 | 105.85 | OK | |
r-release-linux-x86_64 | 1.0.1 | 41.31 | 67.12 | 108.43 | OK | |
r-release-macos-arm64 | 1.0.1 | 52.00 | OK | |||
r-release-macos-x86_64 | 1.0.1 | 73.00 | NOTE | |||
r-release-windows-x86_64 | 1.0.1 | 45.00 | 105.00 | 150.00 | OK | |
r-oldrel-macos-arm64 | 1.0.1 | 45.00 | OK | |||
r-oldrel-macos-x86_64 | 1.0.1 | 59.00 | OK | |||
r-oldrel-windows-x86_64 | 1.0.1 | 43.00 | 105.00 | 148.00 | OK |
Version: 1.0.1
Check: package dependencies
Result: NOTE
Package suggested but not available for checking: ‘parallelDist’
Flavor: r-release-macos-x86_64