CRAN Package Check Results for Package digest

Last updated on 2019-07-16 05:48:10 CEST.

Flavor Version Tinstall Tcheck Ttotal Status Flags
r-devel-linux-x86_64-debian-clang 0.6.20 5.59 24.05 29.64 OK
r-devel-linux-x86_64-debian-gcc 0.6.20 4.61 18.66 23.27 OK
r-devel-linux-x86_64-fedora-clang 0.6.20 38.14 ERROR
r-devel-linux-x86_64-fedora-gcc 0.6.20 38.26 OK
r-devel-windows-ix86+x86_64 0.6.20 36.00 60.00 96.00 OK
r-patched-linux-x86_64 0.6.20 4.35 23.12 27.47 OK
r-patched-solaris-x86 0.6.20 63.30 OK
r-release-linux-x86_64 0.6.20 4.36 23.17 27.53 OK
r-release-windows-ix86+x86_64 0.6.20 26.00 61.00 87.00 OK
r-release-osx-x86_64 0.6.20 OK
r-oldrel-windows-ix86+x86_64 0.6.20 27.00 61.00 88.00 OK
r-oldrel-osx-x86_64 0.6.20 OK

Check Details

Version: 0.6.20
Check: tests
Result: ERROR
     Running ‘tinytest.R’
    Running the tests in ‘tests/tinytest.R’ failed.
    Complete output:
     >
     > if (requireNamespace("tinytest", quietly=TRUE)) {
     +
     + ## Set a seed to make the test deterministic
     + set.seed(42)
     +
     + ## there are several more granular ways to test files in a
     + ## tinytest directory, see its package vignette; tests can also
     + ## run once the package is installed using the same command
     +
     + ## we need version 0.9.3 or later
     + if (packageVersion("tinytest") >= "0.9.3") {
     + tinytest::test_package("digest")
     + }
     + }
     Loading required package: digest
    
     Running test_aes.R.................... 0 tests
     Running test_aes.R.................... 0 tests
     Running test_aes.R.................... 0 tests
     Running test_aes.R.................... 0 tests
     Running test_aes.R.................... 0 tests
     Running test_aes.R.................... 0 tests
     Running test_aes.R.................... 0 tests
     Running test_aes.R.................... 1 tests <1b>[0;32mOK<1b>[0m
     Running test_aes.R.................... 2 tests <1b>[0;32mOK<1b>[0m
     Running test_aes.R.................... 2 tests <1b>[0;32mOK<1b>[0m
     Running test_aes.R.................... 2 tests <1b>[0;32mOK<1b>[0m
     Running test_aes.R.................... 2 tests <1b>[0;32mOK<1b>[0m
     Running test_aes.R.................... 2 tests <1b>[0;32mOK<1b>[0m
     Running test_aes.R.................... 3 tests <1b>[0;32mOK<1b>[0m
     Running test_aes.R.................... 4 tests <1b>[0;32mOK<1b>[0m
     Running test_aes.R.................... 4 tests <1b>[0;32mOK<1b>[0m
     Running test_aes.R.................... 4 tests <1b>[0;32mOK<1b>[0m
     Running test_aes.R.................... 4 tests <1b>[0;32mOK<1b>[0m
     Running test_aes.R.................... 4 tests <1b>[0;32mOK<1b>[0m
     Running test_aes.R.................... 5 tests <1b>[0;32mOK<1b>[0m
     Running test_aes.R.................... 6 tests <1b>[0;32mOK<1b>[0m
     Running test_aes.R.................... 6 tests <1b>[0;32mOK<1b>[0m
     Running test_aes.R.................... 6 tests <1b>[0;32mOK<1b>[0m
     Running test_aes.R.................... 6 tests <1b>[0;32mOK<1b>[0m
     Running test_aes.R.................... 6 tests <1b>[0;32mOK<1b>[0m
     Running test_aes.R.................... 6 tests <1b>[0;32mOK<1b>[0m
     Running test_aes.R.................... 7 tests <1b>[0;32mOK<1b>[0m
     Running test_aes.R.................... 8 tests <1b>[0;32mOK<1b>[0m
     Running test_aes.R.................... 8 tests <1b>[0;32mOK<1b>[0m
     Running test_aes.R.................... 8 tests <1b>[0;32mOK<1b>[0m
     Running test_aes.R.................... 8 tests <1b>[0;32mOK<1b>[0m
     Running test_aes.R.................... 8 tests <1b>[0;32mOK<1b>[0m
     Running test_aes.R.................... 9 tests <1b>[0;32mOK<1b>[0m
     Running test_aes.R.................... 9 tests <1b>[0;32mOK<1b>[0m
     Running test_aes.R.................... 10 tests <1b>[0;32mOK<1b>[0m
     Running test_aes.R.................... 10 tests <1b>[0;32mOK<1b>[0m
     Running test_aes.R.................... 10 tests <1b>[0;32mOK<1b>[0m
     Running test_aes.R.................... 10 tests <1b>[0;32mOK<1b>[0m
     Running test_aes.R.................... 10 tests <1b>[0;32mOK<1b>[0m
     Running test_aes.R.................... 11 tests <1b>[0;32mOK<1b>[0m
     Running test_aes.R.................... 11 tests <1b>[0;32mOK<1b>[0m
     Running test_aes.R.................... 12 tests <1b>[0;32mOK<1b>[0m
    
     Running test_crc32.R.................. 0 tests
     Running test_crc32.R.................. 0 tests
     Running test_crc32.R.................. 0 tests
     Running test_crc32.R.................. 0 tests
     Running test_crc32.R.................. 0 tests
     Running test_crc32.R.................. 1 tests <1b>[0;32mOK<1b>[0m
     Running test_crc32.R.................. 1 tests <1b>[0;32mOK<1b>[0m
     Running test_crc32.R.................. 2 tests <1b>[0;32mOK<1b>[0m
    
     Running test_digest.R................. 0 tests
     Running test_digest.R................. 0 tests
     Running test_digest.R................. 0 tests
     Running test_digest.R................. 7 tests <1b>[0;32mOK<1b>[0m
     Running test_digest.R................. 14 tests <1b>[0;32mOK<1b>[0m
     Running test_digest.R................. 14 tests <1b>[0;32mOK<1b>[0m
     Running test_digest.R................. 14 tests <1b>[0;32mOK<1b>[0m
     Running test_digest.R................. 16 tests <1b>[0;32mOK<1b>[0m
     Running test_digest.R................. 18 tests <1b>[0;32mOK<1b>[0m
     Running test_digest.R................. 18 tests <1b>[0;32mOK<1b>[0m
     Running test_digest.R................. 18 tests <1b>[0;32mOK<1b>[0m
     Running test_digest.R................. 20 tests <1b>[0;32mOK<1b>[0m
     Running test_digest.R................. 22 tests <1b>[0;32mOK<1b>[0m
     Running test_digest.R................. 22 tests <1b>[0;32mOK<1b>[0m
     Running test_digest.R................. 22 tests <1b>[0;32mOK<1b>[0m
     Running test_digest.R................. 24 tests <1b>[0;32mOK<1b>[0m
     Running test_digest.R................. 24 tests <1b>[0;32mOK<1b>[0m
     Running test_digest.R................. 25 tests <1b>[0;32mOK<1b>[0m
     Running test_digest.R................. 25 tests <1b>[0;32mOK<1b>[0m
     Running test_digest.R................. 25 tests <1b>[0;32mOK<1b>[0m
     Running test_digest.R................. 28 tests <1b>[0;32mOK<1b>[0m
     Running test_digest.R................. 28 tests <1b>[0;32mOK<1b>[0m
     Running test_digest.R................. 28 tests <1b>[0;32mOK<1b>[0m
     Running test_digest.R................. 31 tests <1b>[0;32mOK<1b>[0m
     Running test_digest.R................. 31 tests <1b>[0;32mOK<1b>[0m
     Running test_digest.R................. 31 tests <1b>[0;32mOK<1b>[0m
     Running test_digest.R................. 34 tests <1b>[0;32mOK<1b>[0m
     Running test_digest.R................. 35 tests <1b>[0;32mOK<1b>[0m
     Running test_digest.R................. 35 tests <1b>[0;32mOK<1b>[0m
     Running test_digest.R................. 35 tests <1b>[0;32mOK<1b>[0m
     Running test_digest.R................. 42 tests <1b>[0;32mOK<1b>[0m
     Running test_digest.R................. 42 tests <1b>[0;32mOK<1b>[0m
     Running test_digest.R................. 42 tests <1b>[0;32mOK<1b>[0m
     Running test_digest.R................. 45 tests <1b>[0;32mOK<1b>[0m
     Running test_digest.R................. 45 tests <1b>[0;32mOK<1b>[0m
     Running test_digest.R................. 46 tests <1b>[0;32mOK<1b>[0m
     Running test_digest.R................. 46 tests <1b>[0;32mOK<1b>[0m
     Running test_digest.R................. 46 tests <1b>[0;32mOK<1b>[0m
     Running test_digest.R................. 46 tests <1b>[0;32mOK<1b>[0m
     *** caught segfault ***
     address 0x4000000048, cause 'memory not mapped'
    
     Traceback:
     1: digest(fname, length = 18000, algo = alg, serialize = FALSE, file = TRUE)
     2: eval(expr, envir = e)
     3: eval(expr, envir = e)
     4: run_test_file(file, at_home = at_home, verbose = verbose, color = color, remove_side_effects = remove_side_effects)
     5: run_test_dir("./", at_home = at_home, ...)
     6: tinytest::test_package("digest")
     An irrecoverable exception occurred. R is aborting now ...
Flavor: r-devel-linux-x86_64-fedora-clang