Last updated on 2022-05-17 00:51:08 CEST.
Flavor | Version | Tinstall | Tcheck | Ttotal | Status | Flags |
---|---|---|---|---|---|---|
r-devel-linux-x86_64-debian-clang | 0.2.0 | 0.93 | 12.49 | 13.42 | ERROR | |
r-devel-linux-x86_64-debian-gcc | 0.2.0 | 0.88 | 9.55 | 10.43 | ERROR | |
r-devel-linux-x86_64-fedora-clang | 0.2.0 | 696.88 | OK | |||
r-devel-linux-x86_64-fedora-gcc | 0.2.0 | 679.14 | OK | |||
r-devel-windows-x86_64 | 0.2.0 | 251.00 | 475.00 | 726.00 | OK | |
r-patched-linux-x86_64 | 0.2.0 | 51.28 | 466.90 | 518.18 | OK | |
r-release-linux-x86_64 | 0.2.0 | 39.88 | 464.61 | 504.49 | OK | |
r-release-macos-arm64 | 0.2.0 | 8.00 | ERROR | |||
r-release-macos-x86_64 | 0.2.0 | 294.00 | OK | |||
r-release-windows-x86_64 | 0.2.0 | 318.00 | 487.00 | 805.00 | OK | |
r-oldrel-macos-arm64 | 0.2.0 | 8.00 | ERROR | |||
r-oldrel-macos-x86_64 | 0.2.0 | 202.00 | OK | |||
r-oldrel-windows-ix86+x86_64 | 0.2.0 | 96.00 | 501.00 | 597.00 | OK |
Version: 0.2.0
Check: package dependencies
Result: ERROR
Packages required but not available: 'splatter', 'zinbwave', 'edgeR'
See section 'The DESCRIPTION file' in the 'Writing R Extensions'
manual.
Flavors: r-devel-linux-x86_64-debian-clang, r-devel-linux-x86_64-debian-gcc
Version: 0.2.0
Check: package dependencies
Result: ERROR
Package required but not available: ‘zinbwave’
See section ‘The DESCRIPTION file’ in the ‘Writing R Extensions’
manual.
Flavors: r-release-macos-arm64, r-oldrel-macos-arm64