Last updated on 2024-08-16 11:49:38 CEST.
Flavor | Version | Tinstall | Tcheck | Ttotal | Status | Flags |
---|---|---|---|---|---|---|
r-devel-linux-x86_64-debian-clang | 0.8.1 | 6.60 | 53.44 | 60.04 | OK | |
r-devel-linux-x86_64-debian-gcc | 0.8.1 | 4.24 | 37.15 | 41.39 | OK | |
r-devel-linux-x86_64-fedora-clang | 0.8.1 | 97.46 | NOTE | |||
r-devel-linux-x86_64-fedora-gcc | 0.8.1 | 103.92 | OK | |||
r-devel-windows-x86_64 | 0.8.1 | 8.00 | 76.00 | 84.00 | OK | |
r-patched-linux-x86_64 | 0.8.1 | 7.56 | 49.19 | 56.75 | OK | |
r-release-linux-x86_64 | 0.8.1 | 6.13 | 49.85 | 55.98 | OK | |
r-release-macos-arm64 | 0.8.1 | 34.00 | OK | |||
r-release-macos-x86_64 | 0.8.1 | 96.00 | OK | |||
r-release-windows-x86_64 | 0.8.1 | 9.00 | 76.00 | 85.00 | OK | |
r-oldrel-macos-arm64 | 0.8.1 | 43.00 | OK | |||
r-oldrel-macos-x86_64 | 0.8.1 | 68.00 | OK | |||
r-oldrel-windows-x86_64 | 0.8.1 | 9.00 | 84.00 | 93.00 | OK |
Version: 0.8.1
Check: Rd cross-references
Result: NOTE
Undeclared package ‘car’ in Rd xrefs
Flavor: r-devel-linux-x86_64-fedora-clang