Last updated on 2023-09-24 12:28:15 CEST.
Flavor | Version | Tinstall | Tcheck | Ttotal | Status | Flags |
---|---|---|---|---|---|---|
r-devel-linux-x86_64-debian-clang | 0.4.0 | 9.09 | 88.23 | 97.32 | OK | |
r-devel-linux-x86_64-debian-gcc | 0.4.0 | 7.02 | 65.22 | 72.24 | OK | |
r-devel-linux-x86_64-fedora-clang | 0.4.0 | 116.09 | NOTE | |||
r-devel-linux-x86_64-fedora-gcc | 0.4.0 | 126.92 | OK | |||
r-devel-windows-x86_64 | 0.4.0 | 12.00 | 89.00 | 101.00 | OK | |
r-patched-linux-x86_64 | 0.4.0 | 9.92 | 83.21 | 93.13 | OK | |
r-release-linux-x86_64 | 0.4.0 | 7.86 | 83.90 | 91.76 | OK | |
r-release-macos-arm64 | 0.4.0 | 44.00 | OK | |||
r-release-macos-x86_64 | 0.4.0 | 99.00 | OK | |||
r-release-windows-x86_64 | 0.4.0 | 13.00 | 98.00 | 111.00 | OK | |
r-oldrel-macos-arm64 | 0.4.0 | 54.00 | OK | |||
r-oldrel-macos-x86_64 | 0.4.0 | 73.00 | OK | |||
r-oldrel-windows-x86_64 | 0.4.0 | 15.00 | 101.00 | 116.00 | OK |
Version: 0.4.0
Check: Rd cross-references
Result: NOTE
Undeclared package ‘wordcloud’ in Rd xrefs
Flavor: r-devel-linux-x86_64-fedora-clang