Last updated on 2023-10-01 17:56:22 CEST.
Flavor | Version | Tinstall | Tcheck | Ttotal | Status | Flags |
---|---|---|---|---|---|---|
r-devel-linux-x86_64-debian-clang | 1.0.1 | 16.97 | 178.04 | 195.01 | OK | |
r-devel-linux-x86_64-debian-gcc | 1.0.1 | 15.68 | 130.87 | 146.55 | OK | |
r-devel-linux-x86_64-fedora-clang | 1.0.1 | 254.68 | NOTE | |||
r-devel-linux-x86_64-fedora-gcc | 1.0.1 | 260.48 | OK | |||
r-devel-windows-x86_64 | 1.0.1 | 17.00 | 131.00 | 148.00 | OK | |
r-patched-linux-x86_64 | 1.0.1 | 18.86 | 171.03 | 189.89 | OK | |
r-release-linux-x86_64 | 1.0.1 | 13.47 | 176.07 | 189.54 | OK | |
r-release-macos-arm64 | 1.0.1 | 77.00 | OK | |||
r-release-macos-x86_64 | 1.0.1 | 129.00 | OK | |||
r-release-windows-x86_64 | 1.0.1 | 22.00 | 164.00 | 186.00 | OK | |
r-oldrel-macos-arm64 | 1.0.1 | 59.00 | OK | |||
r-oldrel-macos-x86_64 | 1.0.1 | 102.00 | OK | |||
r-oldrel-windows-x86_64 | 1.0.1 | 22.00 | 167.00 | 189.00 | OK |
Version: 1.0.1
Check: Rd cross-references
Result: NOTE
Undeclared packages ‘gamlss’, ‘flexsurv’ in Rd xrefs
Flavor: r-devel-linux-x86_64-fedora-clang