CRAN Package Check Results for Package discSurv

Last updated on 2021-05-13 05:49:36 CEST.

Flavor Version Tinstall Tcheck Ttotal Status Flags
r-devel-linux-x86_64-debian-clang 1.4.1 12.46 132.83 145.29 OK
r-devel-linux-x86_64-debian-gcc 1.4.1 8.96 98.44 107.40 OK
r-devel-linux-x86_64-fedora-clang 1.4.1 184.22 OK
r-devel-linux-x86_64-fedora-gcc 1.4.1 165.00 OK
r-devel-windows-ix86+x86_64 1.4.1 21.00 129.00 150.00 OK
r-devel-windows-x86_64-gcc10-UCRT 1.4.1 OK
r-patched-linux-x86_64 1.4.1 11.57 124.89 136.46 OK
r-patched-solaris-x86 1.4.1 261.70 OK
r-release-linux-x86_64 1.4.1 9.87 122.10 131.97 OK
r-release-macos-x86_64 1.4.1 OK
r-release-windows-ix86+x86_64 1.4.1 13.00 174.00 187.00 OK
r-oldrel-macos-x86_64 1.4.1 OK
r-oldrel-windows-ix86+x86_64 1.4.1 19.00 16.00 35.00 ERROR

Check Details

Version: 1.4.1
Check: whether package can be installed
Result: ERROR
    Installation failed.
    See 'd:/Rcompile/CRANpkg/local/3.6/discSurv.Rcheck/00install.out'* DONE
Flavor: r-oldrel-windows-ix86+x86_64