Last updated on 2024-04-23 23:55:58 CEST.
Flavor | Version | Tinstall | Tcheck | Ttotal | Status | Flags |
---|---|---|---|---|---|---|
r-devel-linux-x86_64-debian-clang | 1.7.4 | 39.54 | 80.78 | 120.32 | NOTE | |
r-devel-linux-x86_64-debian-gcc | 1.7.4 | 29.51 | 59.73 | 89.24 | NOTE | |
r-devel-linux-x86_64-fedora-clang | 1.7.4 | 175.87 | NOTE | |||
r-devel-linux-x86_64-fedora-gcc | 1.7.4 | 176.50 | NOTE | |||
r-prerel-macos-arm64 | 1.7.4 | 52.00 | NOTE | |||
r-prerel-windows-x86_64 | 1.7.4 | 30.00 | 111.00 | 141.00 | NOTE | |
r-patched-linux-x86_64 | 1.7.4 | 37.36 | 75.77 | 113.13 | NOTE | |
r-release-linux-x86_64 | 1.7.4 | 33.31 | 79.18 | 112.49 | NOTE | |
r-release-macos-arm64 | 1.7.4 | 56.00 | NOTE | |||
r-release-macos-x86_64 | 1.7.4 | 88.00 | NOTE | |||
r-release-windows-x86_64 | 1.7.4 | 29.00 | 120.00 | 149.00 | NOTE | |
r-oldrel-macos-arm64 | 1.7.4 | 54.00 | OK | |||
r-oldrel-windows-x86_64 | 1.7.4 | 38.00 | 119.00 | 157.00 | OK |
Version: 1.7.4
Check: C++ specification
Result: NOTE
Specified C++11: please drop specification unless essential
Flavors: r-devel-linux-x86_64-debian-clang, r-devel-linux-x86_64-debian-gcc, r-devel-linux-x86_64-fedora-clang, r-devel-linux-x86_64-fedora-gcc, r-prerel-macos-arm64, r-prerel-windows-x86_64, r-patched-linux-x86_64, r-release-linux-x86_64, r-release-macos-arm64, r-release-macos-x86_64, r-release-windows-x86_64