CRAN Package Check Results for Package diseq

Last updated on 2021-06-16 11:54:16 CEST.

Flavor Version Tinstall Tcheck Ttotal Status Flags
r-devel-linux-x86_64-debian-clang 0.3.1 88.84 256.57 345.41 OK
r-devel-linux-x86_64-debian-gcc 0.3.1 65.63 187.74 253.37 OK
r-devel-linux-x86_64-fedora-clang 0.3.1 407.08 OK
r-devel-linux-x86_64-fedora-gcc 0.3.1 405.76 OK
r-devel-windows-x86_64 0.3.1 112.00 298.00 410.00 OK
r-devel-windows-x86_64-gcc10-UCRT 0.3.1 OK
r-patched-linux-x86_64 0.3.1 78.75 245.44 324.19 OK
r-patched-solaris-x86 0.3.1 550.80 OK
r-release-linux-x86_64 0.3.1 77.90 246.20 324.10 OK
r-release-macos-arm64 0.3.1 NOTE
r-release-macos-x86_64 0.3.1 NOTE
r-release-windows-ix86+x86_64 0.3.1 149.00 360.00 509.00 OK
r-oldrel-macos-x86_64 0.3.1 NOTE
r-oldrel-windows-ix86+x86_64 0.3.1 155.00 386.00 541.00 OK

Check Details

Version: 0.3.1
Check: installed package size
Result: NOTE
     installed size is 6.2Mb
     sub-directories of 1Mb or more:
     libs 3.9Mb
Flavors: r-release-macos-arm64, r-release-macos-x86_64, r-oldrel-macos-x86_64