Last updated on 2024-04-26 06:01:25 CEST.
Flavor | Version | Tinstall | Tcheck | Ttotal | Status | Flags |
---|---|---|---|---|---|---|
r-devel-linux-x86_64-debian-clang | 0.8.3 | 33.98 | 144.39 | 178.37 | NOTE | |
r-devel-linux-x86_64-debian-gcc | 0.8.3 | 27.32 | 106.00 | 133.32 | NOTE | |
r-devel-linux-x86_64-fedora-clang | 0.8.3 | 231.27 | NOTE | |||
r-devel-linux-x86_64-fedora-gcc | 0.8.3 | 213.06 | NOTE | |||
r-devel-windows-x86_64 | 0.8.3 | 32.00 | 152.00 | 184.00 | NOTE | |
r-patched-linux-x86_64 | 0.8.3 | 22.47 | 136.10 | 158.57 | NOTE | |
r-release-linux-x86_64 | 0.8.3 | 33.09 | 140.51 | 173.60 | OK | |
r-release-macos-arm64 | 0.8.3 | 62.00 | NOTE | |||
r-release-windows-x86_64 | 0.8.3 | 29.00 | 152.00 | 181.00 | NOTE | |
r-oldrel-macos-arm64 | 0.8.3 | 68.00 | OK | |||
r-oldrel-macos-x86_64 | 0.8.3 | 142.00 | OK | |||
r-oldrel-windows-x86_64 | 0.8.3 | 40.00 | 193.00 | 233.00 | OK |
Version: 0.8.3
Check: Rd files
Result: NOTE
checkRd: (-1) csv_to_disk.frame.Rd:56: Lost braces; missing escapes or markup?
56 | strings, and you are encouraged to use {fasttime} to convert the strings to
| ^
checkRd: (-1) purrr_as_mapper.Rd:10: Lost braces; missing escapes or markup?
10 | \item{.f}{a normal function or purrr syntax function i.e. `~{ ...code...}`}
| ^
Flavors: r-devel-linux-x86_64-debian-clang, r-devel-linux-x86_64-debian-gcc, r-devel-linux-x86_64-fedora-clang, r-devel-linux-x86_64-fedora-gcc, r-devel-windows-x86_64, r-patched-linux-x86_64, r-release-macos-arm64, r-release-windows-x86_64