CRAN Package Check Results for Package diskImageR

Last updated on 2020-09-24 17:50:14 CEST.

Flavor Version Tinstall Tcheck Ttotal Status Flags
r-devel-linux-x86_64-debian-clang 1.0.0 5.29 33.93 39.22 OK
r-devel-linux-x86_64-debian-gcc 1.0.0 3.61 26.99 30.60 OK
r-devel-linux-x86_64-fedora-clang 1.0.0 55.84 NOTE
r-devel-linux-x86_64-fedora-gcc 1.0.0 46.11 OK
r-devel-windows-ix86+x86_64 1.0.0 11.00 47.00 58.00 OK
r-patched-linux-x86_64 1.0.0 5.10 32.65 37.75 OK
r-patched-solaris-x86 1.0.0 63.90 OK
r-release-linux-x86_64 1.0.0 4.82 32.51 37.33 OK
r-release-macos-x86_64 1.0.0 OK
r-release-windows-ix86+x86_64 1.0.0 8.00 51.00 59.00 OK
r-oldrel-macos-x86_64 1.0.0 OK
r-oldrel-windows-ix86+x86_64 1.0.0 7.00 48.00 55.00 OK

Check Details

Version: 1.0.0
Check: Rd cross-references
Result: NOTE
    Undeclared package ‘diversitree’ in Rd xrefs
Flavor: r-devel-linux-x86_64-fedora-clang