Last updated on 2023-06-11 01:01:12 CEST.
Flavor | Version | Tinstall | Tcheck | Ttotal | Status | Flags |
---|---|---|---|---|---|---|
r-devel-linux-x86_64-debian-clang | 1.3-14 | 64.95 | 370.91 | 435.86 | OK | |
r-devel-linux-x86_64-debian-gcc | 1.3-14 | 45.72 | 271.25 | 316.97 | OK | |
r-devel-linux-x86_64-fedora-clang | 1.3-14 | 535.06 | NOTE | |||
r-devel-linux-x86_64-fedora-gcc | 1.3-14 | 527.22 | NOTE | |||
r-devel-windows-x86_64 | 1.3-14 | 45.00 | 261.00 | 306.00 | OK | --no-vignettes |
r-patched-linux-x86_64 | 1.3-14 | 64.43 | 346.54 | 410.97 | OK | |
r-release-linux-x86_64 | 1.3-14 | 56.14 | 352.25 | 408.39 | OK | |
r-release-macos-arm64 | 1.3-14 | 119.00 | OK | |||
r-release-macos-x86_64 | 1.3-9 | 239.00 | OK | |||
r-release-windows-x86_64 | 1.3-14 | 68.00 | 250.00 | 318.00 | OK | --no-vignettes |
r-oldrel-macos-arm64 | 1.3-14 | 115.00 | OK | |||
r-oldrel-macos-x86_64 | 1.3-14 | 150.00 | OK | |||
r-oldrel-windows-x86_64 | 1.3-14 | 66.00 | 233.00 | 299.00 | OK | --no-vignettes |
Version: 1.3-14
Check: data for non-ASCII characters
Result: NOTE
Note: found 106 marked UTF-8 strings
Flavors: r-devel-linux-x86_64-fedora-clang, r-devel-linux-x86_64-fedora-gcc