Last updated on 2023-02-01 06:56:08 CET.
Flavor | Version | Tinstall | Tcheck | Ttotal | Status | Flags |
---|---|---|---|---|---|---|
r-devel-linux-x86_64-debian-clang | 2.9.0 | 33.11 | 106.71 | 139.82 | OK | |
r-devel-linux-x86_64-debian-gcc | 2.9.0 | 22.37 | 80.20 | 102.57 | OK | |
r-devel-linux-x86_64-fedora-clang | 2.9.0 | 175.26 | NOTE | |||
r-devel-linux-x86_64-fedora-gcc | 2.9.0 | 172.18 | OK | |||
r-devel-windows-x86_64 | 2.9.0 | 74.00 | 155.00 | 229.00 | OK | |
r-patched-linux-x86_64 | 2.9.0 | 38.95 | 99.71 | 138.66 | OK | |
r-release-linux-x86_64 | 2.9.0 | 28.40 | 99.18 | 127.58 | OK | |
r-release-macos-arm64 | 2.9.0 | 59.00 | OK | |||
r-release-macos-x86_64 | 2.9.0 | 64.00 | OK | |||
r-release-windows-x86_64 | 2.9.0 | 95.00 | 151.00 | 246.00 | OK | |
r-oldrel-macos-arm64 | 2.9.0 | 58.00 | OK | |||
r-oldrel-macos-x86_64 | 2.9.0 | 66.00 | OK | |||
r-oldrel-windows-ix86+x86_64 | 2.9.0 | 58.00 | 161.00 | 219.00 | OK |
Version: 2.9.0
Check: Rd cross-references
Result: NOTE
Undeclared package ‘robustbase’ in Rd xrefs
Flavor: r-devel-linux-x86_64-fedora-clang