Last updated on 2024-04-23 23:55:58 CEST.
Flavor | Version | Tinstall | Tcheck | Ttotal | Status | Flags |
---|---|---|---|---|---|---|
r-devel-linux-x86_64-debian-clang | 2.8.2 | 14.34 | 124.08 | 138.42 | OK | |
r-devel-linux-x86_64-debian-gcc | 2.8.2 | 12.20 | 91.54 | 103.74 | OK | |
r-devel-linux-x86_64-fedora-clang | 2.8.2 | 169.90 | OK | |||
r-devel-linux-x86_64-fedora-gcc | 2.8.2 | 164.28 | OK | |||
r-prerel-macos-arm64 | 2.8.2 | 47.00 | OK | |||
r-prerel-macos-x86_64 | 2.8.2 | 141.00 | NOTE | |||
r-prerel-windows-x86_64 | 2.8.2 | 13.00 | 97.00 | 110.00 | OK | |
r-patched-linux-x86_64 | 2.8.2 | 15.56 | 120.01 | 135.57 | OK | |
r-release-linux-x86_64 | 2.8.2 | 14.93 | 120.06 | 134.99 | OK | |
r-release-macos-arm64 | 2.8.2 | 61.00 | OK | |||
r-release-macos-x86_64 | 2.8.2 | 122.00 | OK | |||
r-release-windows-x86_64 | 2.8.2 | 18.00 | 119.00 | 137.00 | OK | |
r-oldrel-macos-arm64 | 2.8.2 | 56.00 | OK | |||
r-oldrel-windows-x86_64 | 2.8.2 | 18.00 | 114.00 | 132.00 | OK |
Version: 2.8.2
Check: package dependencies
Result: NOTE
Package suggested but not available for checking: ‘distrMod’
Flavor: r-prerel-macos-x86_64