CRAN Package Check Results for Package dittodb

Last updated on 2024-07-23 23:48:08 CEST.

Flavor Version Tinstall Tcheck Ttotal Status Flags
r-devel-linux-x86_64-debian-clang 0.1.8 6.87 127.66 134.53 OK
r-devel-linux-x86_64-debian-gcc 0.1.8 3.85 97.53 101.38 NOTE
r-devel-linux-x86_64-fedora-clang 0.1.8 168.74 OK
r-devel-linux-x86_64-fedora-gcc 0.1.8 175.55 OK
r-devel-windows-x86_64 0.1.8 8.00 115.00 123.00 NOTE
r-patched-linux-x86_64 0.1.8 6.38 121.93 128.31 OK
r-release-linux-x86_64 0.1.8 6.01 123.66 129.67 OK
r-release-macos-arm64 0.1.8 74.00 OK
r-release-macos-x86_64 0.1.8 90.00 OK
r-release-windows-x86_64 0.1.8 7.00 116.00 123.00 OK
r-oldrel-macos-arm64 0.1.8 64.00 OK
r-oldrel-macos-x86_64 0.1.8 158.00 OK
r-oldrel-windows-x86_64 0.1.8 9.00 139.00 148.00 OK

Check Details

Version: 0.1.8
Check: Rd cross-references
Result: NOTE Found the following Rd file(s) with Rd \link{} targets missing package anchors: mock-db-methods.Rd: dbConnect, dbListFields, dbWriteTable, dbRemoveTable, dbGetInfo, dbQuoteIdentifier mockdb.Rd: dbConnect Please provide package anchors for all Rd \link{} targets not in the package itself and the base packages. Flavors: r-devel-linux-x86_64-debian-gcc, r-devel-windows-x86_64