CRAN Package Check Results for Package divDyn

Last updated on 2019-03-18 17:48:06 CET.

Flavor Version Tinstall Tcheck Ttotal Status Flags
r-devel-linux-x86_64-debian-clang 0.7.1 19.78 313.26 333.04 WARN
r-devel-linux-x86_64-debian-gcc 0.7.1 17.74 228.63 246.37 OK
r-devel-linux-x86_64-fedora-clang 0.7.1 405.95 OK
r-devel-linux-x86_64-fedora-gcc 0.7.1 377.23 OK
r-devel-windows-ix86+x86_64 0.7.1 64.00 415.00 479.00 OK
r-patched-linux-x86_64 0.7.1 18.65 294.34 312.99 OK
r-patched-solaris-x86 0.7.1 462.60 OK
r-release-linux-x86_64 0.7.1 20.08 296.41 316.49 OK
r-release-windows-ix86+x86_64 0.7.1 50.00 328.00 378.00 OK
r-release-osx-x86_64 0.7.1 OK
r-oldrel-windows-ix86+x86_64 0.7.1 38.00 408.00 446.00 OK
r-oldrel-osx-x86_64 0.7.1 OK

Check Details

Version: 0.7.1
Check: whether package can be installed
Result: WARN
    Found the following significant warnings:
     Warning: unable to re-encode 'affinity.R' line 17
     Warning: unable to re-encode 'data.R' line 9
     Warning: unable to re-encode 'diversityDynamics.r' line 71
     Warning: unable to re-encode 'indices.R' lines 32, 34
     Warning: unable to re-encode 'rateSplit.R' line 10
     Warning: unable to re-encode 'subsample.R' lines 15, 725
Flavor: r-devel-linux-x86_64-debian-clang