Last updated on 2024-08-16 11:49:38 CEST.
Flavor | Version | Tinstall | Tcheck | Ttotal | Status | Flags |
---|---|---|---|---|---|---|
r-devel-linux-x86_64-debian-clang | 0.10-0 | 58.19 | 101.52 | 159.71 | NOTE | |
r-devel-linux-x86_64-debian-gcc | 0.10-0 | 39.96 | 64.95 | 104.91 | NOTE | |
r-devel-linux-x86_64-fedora-clang | 0.10-0 | 264.57 | OK | |||
r-devel-linux-x86_64-fedora-gcc | 0.10-0 | 257.72 | OK | |||
r-devel-windows-x86_64 | 0.10-0 | 73.00 | 142.00 | 215.00 | NOTE | |
r-patched-linux-x86_64 | 0.10-0 | 58.91 | 93.49 | 152.40 | OK | |
r-release-linux-x86_64 | 0.10-0 | 51.24 | 94.24 | 145.48 | OK | |
r-release-macos-arm64 | 0.10-0 | 62.00 | NOTE | |||
r-release-macos-x86_64 | 0.10-0 | 96.00 | NOTE | |||
r-release-windows-x86_64 | 0.10-0 | 76.00 | 137.00 | 213.00 | OK | |
r-oldrel-macos-arm64 | 0.10-0 | 79.00 | NOTE | |||
r-oldrel-macos-x86_64 | 0.10-0 | 156.00 | NOTE | |||
r-oldrel-windows-x86_64 | 0.10-0 | 92.00 | 167.00 | 259.00 | OK |
Version: 0.10-0
Check: Rd cross-references
Result: NOTE
Found the following Rd file(s) with Rd \link{} targets missing package
anchors:
find.mle.Rd: subplex, ace, birthdeath
Please provide package anchors for all Rd \link{} targets not in the
package itself and the base packages.
Flavors: r-devel-linux-x86_64-debian-clang, r-devel-linux-x86_64-debian-gcc, r-devel-windows-x86_64
Version: 0.10-0
Check: installed package size
Result: NOTE
installed size is 7.9Mb
sub-directories of 1Mb or more:
libs 6.6Mb
Flavors: r-release-macos-arm64, r-release-macos-x86_64, r-oldrel-macos-arm64, r-oldrel-macos-x86_64