CRAN Package Check Results for Package diversitree

Last updated on 2020-09-24 05:50:59 CEST.

Flavor Version Tinstall Tcheck Ttotal Status Flags
r-devel-linux-x86_64-debian-clang 0.9-14 89.11 118.68 207.79 OK
r-devel-linux-x86_64-debian-gcc 0.9-14 63.26 88.37 151.63 OK
r-devel-linux-x86_64-fedora-clang 0.9-14 266.56 NOTE
r-devel-linux-x86_64-fedora-gcc 0.9-14 241.54 OK
r-devel-windows-ix86+x86_64 0.9-14 185.00 179.00 364.00 NOTE
r-patched-linux-x86_64 0.9-14 68.09 110.97 179.06 OK
r-patched-solaris-x86 0.9-14 237.30 OK
r-release-linux-x86_64 0.9-14 65.82 110.17 175.99 OK
r-release-macos-x86_64 0.9-14 NOTE
r-release-windows-ix86+x86_64 0.9-14 164.00 184.00 348.00 NOTE
r-oldrel-macos-x86_64 0.9-14 NOTE
r-oldrel-windows-ix86+x86_64 0.9-14 134.00 166.00 300.00 NOTE

Check Details

Version: 0.9-14
Check: installed package size
Result: NOTE
     installed size is 7.2Mb
     sub-directories of 1Mb or more:
     libs 5.9Mb
Flavors: r-devel-linux-x86_64-fedora-clang, r-devel-windows-ix86+x86_64, r-release-macos-x86_64, r-release-windows-ix86+x86_64, r-oldrel-macos-x86_64, r-oldrel-windows-ix86+x86_64