CRAN Package Check Results for Package diversityForest

Last updated on 2021-06-23 11:52:40 CEST.

Flavor Version Tinstall Tcheck Ttotal Status Flags
r-devel-linux-x86_64-debian-clang 0.3.1 158.79 125.33 284.12 NOTE
r-devel-linux-x86_64-debian-gcc 0.3.1 107.25 90.90 198.15 NOTE
r-devel-linux-x86_64-fedora-clang 0.3.1 387.09 NOTE
r-devel-linux-x86_64-fedora-gcc 0.3.1 353.99 NOTE
r-devel-windows-x86_64 0.3.1 187.00 144.00 331.00 NOTE
r-devel-windows-x86_64-gcc10-UCRT 0.3.1 ERROR
r-patched-linux-x86_64 0.3.1 130.36 117.02 247.38 NOTE
r-patched-solaris-x86 0.3.1 370.90 NOTE
r-release-linux-x86_64 0.3.1 125.82 116.27 242.09 NOTE
r-release-macos-arm64 0.3.1 NOTE
r-release-macos-x86_64 0.3.1 NOTE
r-release-windows-ix86+x86_64 0.3.1 253.00 146.00 399.00 NOTE
r-oldrel-macos-x86_64 0.3.1 NOTE

Check Details

Version: 0.3.1
Check: package dependencies
Result: NOTE
    Package suggested but not available for checking: 'BOLTSSIRR'
Flavors: r-devel-linux-x86_64-debian-clang, r-devel-linux-x86_64-debian-gcc, r-devel-linux-x86_64-fedora-clang, r-devel-linux-x86_64-fedora-gcc, r-devel-windows-x86_64, r-patched-linux-x86_64, r-patched-solaris-x86, r-release-linux-x86_64, r-release-macos-arm64, r-release-macos-x86_64, r-release-windows-ix86+x86_64, r-oldrel-macos-x86_64

Version: 0.3.1
Check: installed package size
Result: NOTE
     installed size is 9.3Mb
     sub-directories of 1Mb or more:
     libs 8.8Mb
Flavors: r-devel-linux-x86_64-fedora-clang, r-release-macos-arm64, r-release-macos-x86_64, r-oldrel-macos-x86_64

Version: 0.3.1
Check: package dependencies
Result: ERROR
    Package required but not available: 'ggpubr'
    
    Package suggested but not available for checking: 'BOLTSSIRR'
    
    See section 'The DESCRIPTION file' in the 'Writing R Extensions'
    manual.
Flavor: r-devel-windows-x86_64-gcc10-UCRT