CRAN Package Check Results for Package divvy

Last updated on 2024-04-22 11:53:53 CEST.

Flavor Version Tinstall Tcheck Ttotal Status Flags
r-devel-linux-x86_64-debian-clang 1.0.0 4.05 333.50 337.55 OK
r-devel-linux-x86_64-debian-gcc 1.0.0 2.69 239.33 242.02 OK
r-devel-linux-x86_64-fedora-clang 1.0.0 424.80 NOTE
r-devel-linux-x86_64-fedora-gcc 1.0.0 433.50 OK
r-prerel-macos-arm64 1.0.0 121.00 OK
r-prerel-windows-x86_64 1.0.0 5.00 343.00 348.00 OK
r-patched-linux-x86_64 1.0.0 4.15 318.71 322.86 OK
r-release-linux-x86_64 1.0.0 3.42 325.88 329.30 OK
r-release-macos-arm64 1.0.0 122.00 OK
r-release-macos-x86_64 1.0.0 259.00 OK
r-release-windows-x86_64 1.0.0 7.00 367.00 374.00 OK
r-oldrel-macos-arm64 1.0.0 114.00 OK
r-oldrel-windows-x86_64 1.0.0 7.00 381.00 388.00 OK

Check Details

Version: 1.0.0
Check: Rd cross-references
Result: NOTE Undeclared package ‘palaeoverse’ in Rd xrefs Flavor: r-devel-linux-x86_64-fedora-clang