Last updated on 2021-01-16 17:49:33 CET.
Flavor | Version | Tinstall | Tcheck | Ttotal | Status | Flags |
---|---|---|---|---|---|---|
r-devel-linux-x86_64-debian-clang | 1.0.3.1 | 12.78 | 30.30 | 43.08 | OK | |
r-devel-linux-x86_64-debian-gcc | 1.0.3.1 | 8.06 | 23.77 | 31.83 | OK | |
r-devel-linux-x86_64-fedora-clang | 1.0.3.1 | 63.06 | NOTE | |||
r-devel-linux-x86_64-fedora-gcc | 1.0.3.1 | 48.81 | OK | |||
r-devel-windows-ix86+x86_64 | 1.0.3.1 | 28.00 | 60.00 | 88.00 | NOTE | |
r-patched-linux-x86_64 | 1.0.3.1 | 10.40 | 28.58 | 38.98 | OK | |
r-patched-solaris-x86 | 1.0.3.1 | 80.00 | NOTE | |||
r-release-linux-x86_64 | 1.0.3.1 | 10.53 | 28.43 | 38.96 | OK | |
r-release-macos-x86_64 | 1.0.3.1 | NOTE | ||||
r-release-windows-ix86+x86_64 | 1.0.3.1 | 28.00 | 52.00 | 80.00 | NOTE | |
r-oldrel-macos-x86_64 | 1.0.3.1 | NOTE | ||||
r-oldrel-windows-ix86+x86_64 | 1.0.3.1 | 32.00 | 53.00 | 85.00 | NOTE |
Version: 1.0.3.1
Check: installed package size
Result: NOTE
installed size is 16.6Mb
sub-directories of 1Mb or more:
include 16.3Mb
Flavors: r-devel-linux-x86_64-fedora-clang, r-devel-windows-ix86+x86_64, r-patched-solaris-x86, r-release-macos-x86_64, r-release-windows-ix86+x86_64, r-oldrel-macos-x86_64, r-oldrel-windows-ix86+x86_64