CRAN Package Check Results for Package dmai

Last updated on 2023-03-30 05:49:07 CEST.

Flavor Version Tinstall Tcheck Ttotal Status Flags
r-devel-linux-x86_64-debian-clang 0.4.0 6.51 48.35 54.86 NOTE
r-devel-linux-x86_64-debian-gcc 0.4.0 4.85 36.32 41.17 NOTE
r-devel-linux-x86_64-fedora-clang 0.4.0 67.02 NOTE
r-devel-linux-x86_64-fedora-gcc 0.4.0 63.95 NOTE
r-devel-windows-x86_64 0.4.0 7.00 0.00 7.00 NOTE
r-patched-linux-x86_64 0.4.0 6.01 44.92 50.93 NOTE
r-release-linux-x86_64 0.4.0 5.93 47.40 53.33 NOTE
r-release-macos-arm64 0.4.0 25.00 NOTE
r-release-macos-x86_64 0.4.0 44.00 NOTE
r-release-windows-x86_64 0.4.0 11.00 73.00 84.00 NOTE
r-oldrel-macos-arm64 0.4.0 33.00 NOTE
r-oldrel-macos-x86_64 0.4.0 43.00 NOTE
r-oldrel-windows-ix86+x86_64 0.4.0 14.00 78.00 92.00 NOTE

Check Details

Version: 0.4.0
Check: LazyData
Result: NOTE
     'LazyData' is specified without a 'data' directory
Flavors: r-devel-linux-x86_64-debian-clang, r-devel-linux-x86_64-debian-gcc, r-devel-linux-x86_64-fedora-clang, r-devel-linux-x86_64-fedora-gcc, r-devel-windows-x86_64, r-patched-linux-x86_64, r-release-linux-x86_64, r-release-macos-arm64, r-release-macos-x86_64, r-release-windows-x86_64, r-oldrel-macos-arm64, r-oldrel-macos-x86_64, r-oldrel-windows-ix86+x86_64