CRAN Package Check Results for Package dnr

Last updated on 2022-01-26 23:50:15 CET.

Flavor Version Tinstall Tcheck Ttotal Status Flags
r-devel-linux-x86_64-debian-clang 0.3.5 14.61 207.90 222.51 OK
r-devel-linux-x86_64-debian-gcc 0.3.5 11.87 158.28 170.15 OK
r-devel-linux-x86_64-fedora-clang 0.3.5 254.17 OK
r-devel-linux-x86_64-fedora-gcc 0.3.5 259.75 OK
r-devel-windows-x86_64-new-UL 0.3.5 37.00 270.00 307.00 OK
r-devel-windows-x86_64-new-TK 0.3.5 ERROR
r-patched-linux-x86_64 0.3.5 13.96 185.35 199.31 OK
r-release-linux-x86_64 0.3.5 11.47 187.58 199.05 OK
r-release-macos-arm64 0.3.5 OK
r-release-macos-x86_64 0.3.5 OK
r-release-windows-ix86+x86_64 0.3.5 29.00 221.00 250.00 OK
r-oldrel-macos-x86_64 0.3.5 OK
r-oldrel-windows-ix86+x86_64 0.3.5 29.00 233.00 262.00 OK

Check Details

Version: 0.3.5
Check: package dependencies
Result: ERROR
    Package required but not available: 'arm'
    
    See section 'The DESCRIPTION file' in the 'Writing R Extensions'
    manual.
Flavor: r-devel-windows-x86_64-new-TK