CRAN Package Check Results for Package do

Last updated on 2021-10-16 05:51:19 CEST.

Flavor Version Tinstall Tcheck Ttotal Status Flags
r-devel-linux-x86_64-debian-clang 2.0.0.0 8.03 57.74 65.77 OK
r-devel-linux-x86_64-debian-gcc 2.0.0.0 6.38 43.52 49.90 OK
r-devel-linux-x86_64-fedora-clang 2.0.0.0 88.96 OK
r-devel-linux-x86_64-fedora-gcc 2.0.0.0 75.71 OK
r-devel-windows-x86_64 2.0.0.0 12.00 66.00 78.00 OK
r-devel-windows-x86_64-gcc10-UCRT 2.0.0.0 OK
r-patched-linux-x86_64 2.0.0.0 6.50 53.92 60.42 OK
r-patched-solaris-x86 2.0.0.0 109.40 OK
r-release-linux-x86_64 2.0.0.0 6.40 54.37 60.77 OK
r-release-macos-arm64 2.0.0.0 OK
r-release-macos-x86_64 2.0.0.0 OK
r-release-windows-ix86+x86_64 2.0.0.0 16.00 88.00 104.00 OK
r-oldrel-macos-x86_64 1.9.0.0 ERROR
r-oldrel-windows-ix86+x86_64 1.9.0.0 1.00 10.00 11.00 ERROR

Check Details

Version: 1.9.0.0
Check: whether package can be installed
Result: ERROR
    Installation failed.
Flavors: r-oldrel-macos-x86_64, r-oldrel-windows-ix86+x86_64