Last updated on 2024-03-28 17:49:26 CET.
Flavor | Version | Tinstall | Tcheck | Ttotal | Status | Flags |
---|---|---|---|---|---|---|
r-devel-linux-x86_64-debian-clang | 4.6.20 | 23.20 | 173.12 | 196.32 | OK | |
r-devel-linux-x86_64-debian-gcc | 4.6.20 | 21.82 | 131.87 | 153.69 | OK | |
r-devel-linux-x86_64-fedora-clang | 4.6.20 | 249.90 | OK | |||
r-devel-linux-x86_64-fedora-gcc | 4.6.20 | 257.51 | OK | |||
r-devel-windows-x86_64 | 4.6.20 | 23.00 | 194.00 | 217.00 | OK | |
r-patched-linux-x86_64 | 4.6.20 | 23.30 | 169.02 | 192.32 | OK | |
r-release-linux-x86_64 | 4.6.20 | 23.76 | 170.60 | 194.36 | OK | |
r-release-macos-arm64 | 4.6.20 | 95.00 | NOTE | |||
r-release-macos-x86_64 | 4.6.20 | 202.00 | NOTE | |||
r-release-windows-x86_64 | 4.6.20 | 32.00 | 224.00 | 256.00 | OK | |
r-oldrel-macos-arm64 | 4.6.20 | 112.00 | NOTE | |||
r-oldrel-windows-x86_64 | 4.6.20 | 32.00 | 220.00 | 252.00 | OK |
Version: 4.6.20
Check: installed package size
Result: NOTE
installed size is 5.6Mb
sub-directories of 1Mb or more:
data 4.7Mb
Flavors: r-release-macos-arm64, r-release-macos-x86_64, r-oldrel-macos-arm64