Last updated on 2024-08-16 11:49:38 CEST.
Flavor | Version | Tinstall | Tcheck | Ttotal | Status | Flags |
---|---|---|---|---|---|---|
r-devel-linux-x86_64-debian-clang | 4.6.22 | 22.55 | 149.03 | 171.58 | OK | |
r-devel-linux-x86_64-debian-gcc | 4.6.22 | 17.95 | 104.71 | 122.66 | OK | |
r-devel-linux-x86_64-fedora-clang | 4.6.22 | 278.18 | OK | |||
r-devel-linux-x86_64-fedora-gcc | 4.6.22 | 271.27 | OK | |||
r-devel-windows-x86_64 | 4.6.22 | 24.00 | 178.00 | 202.00 | OK | |
r-patched-linux-x86_64 | 4.6.22 | 20.58 | 139.98 | 160.56 | OK | |
r-release-linux-x86_64 | 4.6.22 | 21.02 | 141.95 | 162.97 | OK | |
r-release-macos-arm64 | 4.6.22 | 87.00 | NOTE | |||
r-release-macos-x86_64 | 4.6.22 | 216.00 | NOTE | |||
r-release-windows-x86_64 | 4.6.22 | 26.00 | 177.00 | 203.00 | OK | |
r-oldrel-macos-arm64 | 4.6.22 | 107.00 | NOTE | |||
r-oldrel-macos-x86_64 | 4.6.22 | 189.00 | NOTE | |||
r-oldrel-windows-x86_64 | 4.6.22 | 30.00 | 216.00 | 246.00 | OK |
Version: 4.6.22
Check: installed package size
Result: NOTE
installed size is 5.6Mb
sub-directories of 1Mb or more:
data 4.7Mb
Flavors: r-release-macos-arm64, r-release-macos-x86_64, r-oldrel-macos-arm64, r-oldrel-macos-x86_64