CRAN Package Check Results for Package doParallel

Last updated on 2020-10-20 11:48:29 CEST.

Flavor Version Tinstall Tcheck Ttotal Status Flags
r-devel-linux-x86_64-debian-clang 1.0.16 2.34 125.04 127.38 NOTE
r-devel-linux-x86_64-debian-gcc 1.0.16 1.74 92.92 94.66 NOTE
r-devel-linux-x86_64-fedora-clang 1.0.16 162.86 OK
r-devel-linux-x86_64-fedora-gcc 1.0.16 143.44 OK
r-devel-windows-ix86+x86_64 1.0.15 4.00 113.00 117.00 OK
r-patched-linux-x86_64 1.0.16 2.11 122.62 124.73 NOTE
r-patched-solaris-x86 1.0.16 311.00 OK
r-release-linux-x86_64 1.0.16 2.32 122.56 124.88 NOTE
r-release-macos-x86_64 1.0.16 OK
r-release-windows-ix86+x86_64 1.0.15 6.00 117.00 123.00 OK
r-oldrel-macos-x86_64 1.0.16 OK
r-oldrel-windows-ix86+x86_64 1.0.16 5.00 163.00 168.00 OK

Check Details

Version: 1.0.16
Check: R code for possible problems
Result: NOTE
    Found the following calls to attach():
    File 'doParallel/R/doParallel.R':
     attach(exportEnv)
    See section 'Good practice' in '?attach'.
Flavors: r-devel-linux-x86_64-debian-clang, r-devel-linux-x86_64-debian-gcc, r-patched-linux-x86_64, r-release-linux-x86_64