Last updated on 2023-05-28 17:55:21 CEST.
Flavor | Version | Tinstall | Tcheck | Ttotal | Status | Flags |
---|---|---|---|---|---|---|
r-devel-linux-x86_64-debian-clang | 1.8.6 | 2.57 | 51.67 | 54.24 | OK | |
r-devel-linux-x86_64-debian-gcc | 1.8.6 | 2.11 | 40.43 | 42.54 | OK | |
r-devel-linux-x86_64-fedora-clang | 1.8.6 | 67.85 | OK | |||
r-devel-linux-x86_64-fedora-gcc | 1.8.6 | 75.60 | OK | |||
r-devel-windows-x86_64 | 1.8.6 | 4.00 | 98.00 | 102.00 | OK | |
r-patched-linux-x86_64 | 1.8.6 | 4.78 | 51.03 | 55.81 | OK | |
r-release-linux-x86_64 | 1.8.6 | 2.15 | 49.95 | 52.10 | OK | |
r-release-macos-arm64 | 1.8.6 | 89.00 | NOTE | |||
r-release-macos-x86_64 | 1.8.6 | 145.00 | NOTE | |||
r-release-windows-x86_64 | 1.8.6 | 5.00 | 103.00 | 108.00 | OK | |
r-oldrel-macos-arm64 | 1.8.6 | 84.00 | NOTE | |||
r-oldrel-macos-x86_64 | 1.8.6 | 118.00 | NOTE | |||
r-oldrel-windows-x86_64 | 1.8.6 | 6.00 | 104.00 | 110.00 | OK |
Version: 1.8.6
Check: package dependencies
Result: NOTE
Package suggested but not available for checking: ‘doMPI’
Flavors: r-release-macos-arm64, r-release-macos-x86_64, r-oldrel-macos-arm64, r-oldrel-macos-x86_64
Version: 1.8.6
Check: Rd cross-references
Result: NOTE
Package unavailable to check Rd xrefs: ‘doMPI’
Flavors: r-release-macos-arm64, r-release-macos-x86_64, r-oldrel-macos-arm64, r-oldrel-macos-x86_64