Last updated on 2024-08-16 11:49:38 CEST.
Flavor | Version | Tinstall | Tcheck | Ttotal | Status | Flags |
---|---|---|---|---|---|---|
r-devel-linux-x86_64-debian-clang | 0.4.0 | 4.23 | 52.46 | 56.69 | NOTE | |
r-devel-linux-x86_64-debian-gcc | 0.4.0 | 3.53 | 37.39 | 40.92 | NOTE | |
r-devel-linux-x86_64-fedora-clang | 0.4.0 | 98.80 | NOTE | |||
r-devel-linux-x86_64-fedora-gcc | 0.4.0 | 93.31 | NOTE | |||
r-devel-windows-x86_64 | 0.4.0 | 8.00 | 74.00 | 82.00 | NOTE | |
r-patched-linux-x86_64 | 0.4.0 | 4.63 | 51.45 | 56.08 | NOTE | |
r-release-linux-x86_64 | 0.4.0 | 4.13 | 51.51 | 55.64 | NOTE | |
r-release-macos-arm64 | 0.4.0 | 27.00 | NOTE | |||
r-release-macos-x86_64 | 0.4.0 | 48.00 | NOTE | |||
r-release-windows-x86_64 | 0.4.0 | 9.00 | 73.00 | 82.00 | NOTE | |
r-oldrel-macos-arm64 | 0.4.0 | 30.00 | NOTE | |||
r-oldrel-macos-x86_64 | 0.4.0 | 45.00 | NOTE | |||
r-oldrel-windows-x86_64 | 0.4.0 | 8.00 | 87.00 | 95.00 | NOTE |
Version: 0.4.0
Check: LazyData
Result: NOTE
'LazyData' is specified without a 'data' directory
Flavors: r-devel-linux-x86_64-debian-clang, r-devel-linux-x86_64-debian-gcc, r-devel-linux-x86_64-fedora-clang, r-devel-linux-x86_64-fedora-gcc, r-devel-windows-x86_64, r-patched-linux-x86_64, r-release-linux-x86_64, r-release-macos-arm64, r-release-macos-x86_64, r-release-windows-x86_64, r-oldrel-macos-arm64, r-oldrel-macos-x86_64, r-oldrel-windows-x86_64