CRAN Package Check Results for Package document

Last updated on 2019-10-10 05:47:34 CEST.

Flavor Version Tinstall Tcheck Ttotal Status Flags
r-devel-linux-x86_64-debian-clang 3.1.0 2.34 117.38 119.72 OK
r-devel-linux-x86_64-debian-gcc 3.1.0 1.95 97.15 99.10 OK
r-devel-linux-x86_64-fedora-clang 3.1.0 156.73 OK
r-devel-linux-x86_64-fedora-gcc 3.1.0 153.34 OK
r-devel-windows-ix86+x86_64 3.1.0 6.00 215.00 221.00 OK
r-patched-linux-x86_64 3.1.0 1.83 114.21 116.04 OK
r-patched-solaris-x86 3.1.0 122.80 ERROR
r-release-linux-x86_64 3.1.0 2.06 114.64 116.70 OK
r-release-windows-ix86+x86_64 3.1.0 9.00 219.00 228.00 OK
r-release-osx-x86_64 3.1.0 FAIL
r-oldrel-windows-ix86+x86_64 3.1.0 4.00 205.00 209.00 OK
r-oldrel-osx-x86_64 3.1.0 OK

Check Details

Version: 3.1.0
Check: tests
Result: ERROR
     Running ‘runit.R’ [18s/29s]
     Running ‘testthat.R’ [17s/23s]
    Running the tests in ‘tests/testthat.R’ failed.
    Complete output:
     > running_on_my_machines <- function() {
     + sys_info <- Sys.info()
     + r <- sys_info[["nodename"]] %in% c("h7") &&
     + sys_info[["effective_user"]] == "qwer" &&
     + .Platform[["OS.type"]] == "unix"
     + return(r)
     + }
     >
     > set_NOT_CRAN <- function() {
     + is_unset <- is.na(Sys.getenv("NOT_CRAN", unset = NA))
     + if (running_on_my_machines() && is_unset)
     + Sys.setenv("NOT_CRAN" = TRUE)
     + }
     >
     > set_NOT_CRAN()
     > library("testthat")
     > library("document")
     > test_check("document")
     ── R CMD build ─────────────────────────────────────────────────────────────────
     * checking for file ‘/tmp/RtmpjQa4bT/working_dir/RtmpolaaHd/document_708ba23b37/mini.mal/DESCRIPTION’ ... OK
     * preparing ‘mini.mal’:
     * checking DESCRIPTION meta-information ... OK
     * checking for LF line-endings in source and make files and shell scripts
     * checking for empty or unneeded directories
     * building ‘mini.mal_2.0.0.tar.gz’
    
     ── 1. Error: (unknown) (@test_basic.R#13) ─────────────────────────────────────
     Still alive
     1: document(file_name, check_package = TRUE, runit = TRUE) at testthat/test_basic.R:13
     2: check_package(package_directory = package_directory, working_directory = working_directory,
     check_as_cran = check_as_cran, debug = debug, stop_on_check_not_passing = stop_on_check_not_passing)
     3: rcmdcheck::rcmdcheck(path = package_directory, libpath = .libPaths(), args = check_args)
     4: build_package(path, check_dir, build_args = build_args, libpath = libpath, quiet = quiet)
     5: with_envvar(c(R_LIBS_USER = paste(libpath, collapse = .Platform$path.sep)), {
     proc <- pkgbuild_process$new(path, tmpdir, args = build_args)
     on.exit(proc$kill(), add = TRUE)
     callback <- detect_callback()
     while (proc$is_incomplete_output() || proc$is_incomplete_error()) {
     proc$poll_io(-1)
     out <- proc$read_output()
     err <- proc$read_error()
     if (!quiet) {
     out <- sub("(checking for file .)/.*DESCRIPTION(.)", "\\1.../DESCRIPTION\\2",
     out, perl = TRUE)
     callback(out)
     callback(err)
     }
     }
     proc$get_built_file()
     })
     6: force(code)
     7: proc$get_built_file()
     8: stop("Still alive")
    
     ══ testthat results ═══════════════════════════════════════════════════════════
     [ OK: 0 | SKIPPED: 0 | WARNINGS: 1 | FAILED: 1 ]
     1. Error: (unknown) (@test_basic.R#13)
    
     Error: testthat unit tests failed
     Execution halted
Flavor: r-patched-solaris-x86

Version: 3.1.0
Check: tests
Result: ERROR
     Running ‘runit.R’ [10s/14s]
     Running ‘testthat.R’ [0m/29m]
    Running the tests in ‘tests/testthat.R’ failed.
    Last 13 lines of output:
     ✔ checking whether the namespace can be loaded with stated dependencies
     checking whether the namespace can be unloaded cleanly ...
    
     ✔ checking whether the namespace can be unloaded cleanly (441ms)
    
    
     checking loading without being on the library search path ...
    
     ✔ checking loading without being on the library search path (436ms)
    
    
     checking use of S3 registration ...
     ══ testthat results ═══════════════════════════════════════════════════════════
     OK: 1 SKIPPED: 0 FAILED: 0
     Execution halted
Flavor: r-release-osx-x86_64

Version: 3.1.0
Check: running R code from vignettes
Result: FAIL
    
Flavor: r-release-osx-x86_64