Last updated on 2024-08-16 11:49:38 CEST.
Flavor | Version | Tinstall | Tcheck | Ttotal | Status | Flags |
---|---|---|---|---|---|---|
r-devel-linux-x86_64-debian-clang | 0.4.1 | 131.05 | 263.21 | 394.26 | NOTE | |
r-devel-linux-x86_64-debian-gcc | 0.4.1 | 101.70 | 186.45 | 288.15 | NOTE | |
r-devel-linux-x86_64-fedora-clang | 0.4.1 | 673.09 | NOTE | |||
r-devel-linux-x86_64-fedora-gcc | 0.4.1 | 721.79 | NOTE | |||
r-devel-windows-x86_64 | 0.4.1 | 156.00 | 258.00 | 414.00 | NOTE | |
r-patched-linux-x86_64 | 0.4.1 | 145.45 | 249.92 | 395.37 | NOTE | |
r-release-linux-x86_64 | 0.4.1 | 139.43 | 248.47 | 387.90 | NOTE | |
r-release-macos-arm64 | 0.4.1 | 204.00 | NOTE | |||
r-release-macos-x86_64 | 0.4.1 | 360.00 | NOTE | |||
r-release-windows-x86_64 | 0.4.1 | 162.00 | 258.00 | 420.00 | NOTE | |
r-oldrel-macos-arm64 | 0.4.1 | 233.00 | NOTE | |||
r-oldrel-macos-x86_64 | 0.4.1 | 329.00 | NOTE | |||
r-oldrel-windows-x86_64 | 0.4.1 | 187.00 | 318.00 | 505.00 | NOTE |
Version: 0.4.1
Check: for GNU extensions in Makefiles
Result: NOTE
GNU make is a SystemRequirements.
Flavors: r-devel-linux-x86_64-debian-clang, r-devel-linux-x86_64-debian-gcc, r-devel-linux-x86_64-fedora-clang, r-devel-linux-x86_64-fedora-gcc, r-devel-windows-x86_64, r-patched-linux-x86_64, r-release-linux-x86_64, r-release-macos-arm64, r-release-macos-x86_64, r-release-windows-x86_64, r-oldrel-macos-arm64, r-oldrel-macos-x86_64, r-oldrel-windows-x86_64
Version: 0.4.1
Check: installed package size
Result: NOTE
installed size is 8.5Mb
sub-directories of 1Mb or more:
doc 6.8Mb
libs 1.1Mb
Flavors: r-devel-linux-x86_64-fedora-clang, r-devel-windows-x86_64, r-release-macos-arm64, r-release-macos-x86_64, r-release-windows-x86_64, r-oldrel-macos-arm64, r-oldrel-macos-x86_64, r-oldrel-windows-x86_64