CRAN Package Check Results for Package dotprofile

Last updated on 2024-04-19 00:11:52 CEST.

Flavor Version Tinstall Tcheck Ttotal Status Flags
r-devel-linux-x86_64-debian-clang 0.0.1 1.30 31.43 32.73 OK
r-devel-linux-x86_64-debian-gcc 0.0.1 1.64 23.69 25.33 OK
r-devel-linux-x86_64-fedora-clang 0.0.1 41.50 NOTE
r-devel-linux-x86_64-fedora-gcc 0.0.1 39.19 NOTE
r-prerel-macos-arm64 0.0.1 17.00 OK
r-prerel-windows-x86_64 0.0.1 2.00 45.00 47.00 OK
r-patched-linux-x86_64 0.0.1 1.80 29.10 30.90 OK
r-release-linux-x86_64 0.0.1 1.57 30.00 31.57 OK
r-release-macos-arm64 0.0.1 18.00 OK
r-release-macos-x86_64 0.0.1 24.00 OK
r-release-windows-x86_64 0.0.1 3.00 47.00 50.00 OK
r-oldrel-macos-arm64 0.0.1 18.00 OK
r-oldrel-windows-x86_64 0.0.1 3.00 53.00 56.00 OK

Check Details

Version: 0.0.1
Check: dependencies in R code
Result: NOTE Namespace in Imports field not imported from: ‘R6’ All declared Imports should be used. Flavors: r-devel-linux-x86_64-fedora-clang, r-devel-linux-x86_64-fedora-gcc