CRAN Package Check Results for Package dpcR

Last updated on 2019-06-23 11:48:05 CEST.

Flavor Version Tinstall Tcheck Ttotal Status Flags
r-devel-linux-x86_64-debian-clang 0.5 18.18 134.63 152.81 OK
r-devel-linux-x86_64-debian-gcc 0.5 16.59 105.41 122.00 OK
r-devel-linux-x86_64-fedora-clang 0.5 180.28 OK
r-devel-linux-x86_64-fedora-gcc 0.5 173.21 OK
r-devel-windows-ix86+x86_64 0.5 60.00 161.00 221.00 OK
r-patched-linux-x86_64 0.5 18.62 132.36 150.98 OK
r-patched-solaris-x86 0.5 270.10 OK
r-release-linux-x86_64 0.5 18.60 132.28 150.88 OK
r-release-windows-ix86+x86_64 0.5 42.00 229.00 271.00 OK
r-release-osx-x86_64 0.5 WARN
r-oldrel-windows-ix86+x86_64 0.5 27.00 212.00 239.00 OK
r-oldrel-osx-x86_64 0.5 OK

Check Details

Version: 0.5
Check: whether package can be installed
Result: WARN
    Found the following significant warnings:
     Warning: 'rgl_init' failed, running with rgl.useNULL = TRUE
Flavor: r-release-osx-x86_64