Last updated on 2023-03-21 11:53:46 CET.
Flavor | Version | Tinstall | Tcheck | Ttotal | Status | Flags |
---|---|---|---|---|---|---|
r-devel-linux-x86_64-debian-clang | 0.1.9 | 6.92 | 54.00 | 60.92 | OK | |
r-devel-linux-x86_64-debian-gcc | 0.1.9 | 5.13 | 40.58 | 45.71 | OK | |
r-devel-linux-x86_64-fedora-clang | 0.1.9 | 75.31 | OK | |||
r-devel-linux-x86_64-fedora-gcc | 0.1.9 | 69.59 | OK | |||
r-devel-windows-x86_64 | 0.1.9 | 11.00 | 89.00 | 100.00 | OK | |
r-patched-linux-x86_64 | 0.1.9 | 12.98 | 53.99 | 66.97 | OK | |
r-release-linux-x86_64 | 0.1.9 | 4.85 | 51.92 | 56.77 | OK | |
r-release-macos-arm64 | 0.1.9 | 24.00 | OK | |||
r-release-macos-x86_64 | 0.1.9 | 38.00 | OK | |||
r-release-windows-x86_64 | 0.1.9 | 12.00 | 88.00 | 100.00 | OK | |
r-oldrel-macos-arm64 | 0.1.9 | 29.00 | OK | |||
r-oldrel-macos-x86_64 | 0.1.9 | 46.00 | OK | |||
r-oldrel-windows-ix86+x86_64 | 0.1.9 | 15.00 | 86.00 | 101.00 | NOTE |
Version: 0.1.9
Check: R code for possible problems
Result: NOTE
Initiating curl with CURL_SSL_BACKEND: openssl
Flavor: r-oldrel-windows-ix86+x86_64