CRAN Package Check Results for Package dpseg

Last updated on 2021-06-20 11:51:14 CEST.

Flavor Version Tinstall Tcheck Ttotal Status Flags
r-devel-linux-x86_64-debian-clang 0.1.1 24.80 49.99 74.79 OK
r-devel-linux-x86_64-debian-gcc 0.1.1 16.60 38.84 55.44 OK
r-devel-linux-x86_64-fedora-clang 0.1.1 104.30 NOTE
r-devel-linux-x86_64-fedora-gcc 0.1.1 93.27 OK
r-devel-windows-x86_64 0.1.1 31.00 83.00 114.00 OK
r-devel-windows-x86_64-gcc10-UCRT 0.1.1 OK
r-patched-linux-x86_64 0.1.1 20.13 48.66 68.79 OK
r-patched-solaris-x86 0.1.1 107.10 OK
r-release-linux-x86_64 0.1.1 19.04 48.98 68.02 OK
r-release-macos-arm64 0.1.1 OK
r-release-macos-x86_64 0.1.1 OK
r-release-windows-ix86+x86_64 0.1.1 57.00 105.00 162.00 OK
r-oldrel-macos-x86_64 0.1.1 OK
r-oldrel-windows-ix86+x86_64 0.1.1 46.00 106.00 152.00 OK

Check Details

Version: 0.1.1
Check: Rd cross-references
Result: NOTE
    Undeclared package ‘RcppEigen’ in Rd xrefs
Flavor: r-devel-linux-x86_64-fedora-clang