CRAN Package Check Results for Package dragon

Last updated on 2022-01-22 11:50:57 CET.

Flavor Version Tinstall Tcheck Ttotal Status Flags
r-devel-linux-x86_64-debian-clang 1.2.0 28.06 119.83 147.89 OK
r-devel-linux-x86_64-debian-gcc 1.2.0 23.29 91.85 115.14 OK
r-devel-linux-x86_64-fedora-clang 1.2.0 181.37 NOTE
r-devel-linux-x86_64-fedora-gcc 1.2.0 169.38 NOTE
r-devel-windows-x86_64-new-UL 1.2.0 99.00 142.00 241.00 OK
r-devel-windows-x86_64-new-TK 1.2.0 NOTE
r-patched-linux-x86_64 1.2.0 20.41 115.94 136.35 OK
r-release-linux-x86_64 1.2.0 19.12 117.29 136.41 OK
r-release-macos-arm64 1.2.0 NOTE
r-release-macos-x86_64 1.2.0 NOTE
r-release-windows-ix86+x86_64 1.2.0 48.00 137.00 185.00 OK
r-oldrel-macos-x86_64 1.2.0 NOTE
r-oldrel-windows-ix86+x86_64 1.2.0 49.00 141.00 190.00 OK

Check Details

Version: 1.2.0
Check: package dependencies
Result: NOTE
    Imports includes 32 non-default packages.
    Importing from so many packages makes the package vulnerable to any of
    them becoming unavailable. Move as many as possible to Suggests and
    use conditionally.
Flavor: r-devel-linux-x86_64-fedora-clang

Version: 1.2.0
Check: dependencies in R code
Result: NOTE
    Namespace in Imports field not imported from: ‘htmltools’
     All declared Imports should be used.
Flavors: r-devel-linux-x86_64-fedora-clang, r-devel-linux-x86_64-fedora-gcc, r-devel-windows-x86_64-new-TK, r-release-macos-arm64, r-release-macos-x86_64, r-oldrel-macos-x86_64