Last updated on 2024-08-16 11:49:39 CEST.
Flavor | Version | Tinstall | Tcheck | Ttotal | Status | Flags |
---|---|---|---|---|---|---|
r-devel-linux-x86_64-debian-clang | 1.0.1 | 11.19 | 88.20 | 99.39 | OK | |
r-devel-linux-x86_64-debian-gcc | 1.0.1 | 8.62 | 66.03 | 74.65 | OK | |
r-devel-linux-x86_64-fedora-clang | 1.0.1 | 164.48 | NOTE | |||
r-devel-linux-x86_64-fedora-gcc | 1.0.1 | 157.15 | OK | |||
r-devel-windows-x86_64 | 1.0.1 | 12.00 | 86.00 | 98.00 | OK | |
r-patched-linux-x86_64 | 1.0.1 | 9.94 | 85.02 | 94.96 | OK | |
r-release-linux-x86_64 | 1.0.1 | 11.06 | 85.87 | 96.93 | OK | |
r-release-macos-arm64 | 1.0.1 | 46.00 | OK | |||
r-release-macos-x86_64 | 1.0.1 | 66.00 | OK | |||
r-release-windows-x86_64 | 1.0.1 | 13.00 | 89.00 | 102.00 | OK | |
r-oldrel-macos-arm64 | 1.0.1 | 47.00 | OK | |||
r-oldrel-macos-x86_64 | 1.0.1 | 71.00 | OK | |||
r-oldrel-windows-x86_64 | 1.0.1 | 14.00 | 106.00 | 120.00 | OK |
Version: 1.0.1
Check: Rd cross-references
Result: NOTE
Undeclared package ‘SimMultiCorrData’ in Rd xrefs
Flavor: r-devel-linux-x86_64-fedora-clang