Last updated on 2024-05-05 17:53:52 CEST.
Flavor | Version | Tinstall | Tcheck | Ttotal | Status | Flags |
---|---|---|---|---|---|---|
r-devel-linux-x86_64-debian-clang | 1.0.1 | 8.21 | 92.29 | 100.50 | NOTE | |
r-devel-linux-x86_64-debian-gcc | 1.0.1 | 8.11 | 66.76 | 74.87 | NOTE | |
r-devel-linux-x86_64-fedora-clang | 1.0.1 | 127.75 | NOTE | |||
r-devel-linux-x86_64-fedora-gcc | 1.0.1 | 123.16 | NOTE | |||
r-devel-windows-x86_64 | 1.0.1 | 10.00 | 129.00 | 139.00 | NOTE | |
r-patched-linux-x86_64 | 1.0.1 | 6.67 | 86.66 | 93.33 | NOTE | |
r-release-linux-x86_64 | 1.0.1 | 6.15 | 85.94 | 92.09 | NOTE | |
r-release-macos-arm64 | 1.0.1 | 59.00 | NOTE | |||
r-release-windows-x86_64 | 1.0.1 | 11.00 | 131.00 | 142.00 | NOTE | |
r-oldrel-macos-arm64 | 1.0.1 | 58.00 | NOTE | |||
r-oldrel-macos-x86_64 | 1.0.1 | 116.00 | NOTE | |||
r-oldrel-windows-x86_64 | 1.0.1 | 14.00 | 165.00 | 179.00 | NOTE |
Version: 1.0.1
Check: package subdirectories
Result: NOTE
Problems with news in ‘NEWS.md’:
No news entries found.
Flavors: r-devel-linux-x86_64-debian-clang, r-devel-linux-x86_64-debian-gcc, r-devel-linux-x86_64-fedora-clang, r-devel-linux-x86_64-fedora-gcc, r-devel-windows-x86_64, r-patched-linux-x86_64, r-release-linux-x86_64, r-release-macos-arm64, r-release-windows-x86_64, r-oldrel-macos-arm64, r-oldrel-macos-x86_64, r-oldrel-windows-x86_64