Last updated on 2023-09-29 11:55:52 CEST.
Flavor | Version | Tinstall | Tcheck | Ttotal | Status | Flags |
---|---|---|---|---|---|---|
r-devel-linux-x86_64-debian-clang | 0.4.1 | 14.36 | 194.82 | 209.18 | OK | |
r-devel-linux-x86_64-debian-gcc | 0.4.1 | 11.91 | 143.63 | 155.54 | OK | |
r-devel-linux-x86_64-fedora-clang | 0.4.1 | 254.83 | NOTE | |||
r-devel-linux-x86_64-fedora-gcc | 0.4.1 | 283.30 | OK | |||
r-devel-windows-x86_64 | 0.4.1 | 15.00 | 153.00 | 168.00 | NOTE | |
r-patched-linux-x86_64 | 0.4.1 | 12.77 | 180.77 | 193.54 | OK | |
r-release-linux-x86_64 | 0.4.1 | 9.49 | 183.66 | 193.15 | OK | |
r-release-macos-arm64 | 0.4.1 | 93.00 | NOTE | |||
r-release-macos-x86_64 | 0.4.1 | 8.00 | ERROR | |||
r-release-windows-x86_64 | 0.4.1 | 20.00 | 193.00 | 213.00 | NOTE | |
r-oldrel-macos-arm64 | 0.4.1 | 8.00 | ERROR | |||
r-oldrel-macos-x86_64 | 0.4.1 | 106.00 | NOTE | |||
r-oldrel-windows-x86_64 | 0.4.1 | 19.00 | 181.00 | 200.00 | NOTE |
Version: 0.4.1
Check: installed package size
Result: NOTE
installed size is 5.4Mb
sub-directories of 1Mb or more:
data 1.6Mb
extdata 3.2Mb
Flavors: r-devel-linux-x86_64-fedora-clang, r-devel-windows-x86_64, r-release-macos-arm64, r-release-windows-x86_64, r-oldrel-macos-x86_64, r-oldrel-windows-x86_64
Version: 0.4.1
Check: package dependencies
Result: ERROR
Package required but not available: ‘TxDb.Hsapiens.UCSC.hg38.knownGene’
See section ‘The DESCRIPTION file’ in the ‘Writing R Extensions’
manual.
Flavors: r-release-macos-x86_64, r-oldrel-macos-arm64