CRAN Package Check Results for Package dsa

Last updated on 2019-04-20 23:50:59 CEST.

Flavor Version Tinstall Tcheck Ttotal Status Flags
r-devel-linux-x86_64-debian-clang 0.70.3 6.84 112.42 119.26 OK
r-devel-linux-x86_64-debian-gcc 0.70.3 6.36 158.40 164.76 OK
r-devel-linux-x86_64-fedora-clang 0.70.3 146.99 NOTE
r-devel-linux-x86_64-fedora-gcc 0.70.3 138.94 NOTE
r-devel-windows-ix86+x86_64 0.70.3 16.00 170.00 186.00 OK
r-patched-linux-x86_64 0.70.3 6.34 106.18 112.52 OK
r-patched-solaris-x86 0.70.3 202.50 WARN
r-release-linux-x86_64 0.70.3 5.47 103.22 108.69 OK
r-release-windows-ix86+x86_64 0.70.3 10.00 162.00 172.00 OK
r-release-osx-x86_64 0.70.3 WARN
r-oldrel-windows-ix86+x86_64 0.70.3 10.00 184.00 194.00 OK
r-oldrel-osx-x86_64 0.61.7 NOTE

Check Details

Version: 0.70.3
Check: dependencies in R code
Result: NOTE
    Namespaces in Imports field not imported from:
     ‘rJava’ ‘tools’ ‘xtable’
     All declared Imports should be used.
Flavors: r-devel-linux-x86_64-fedora-clang, r-devel-linux-x86_64-fedora-gcc, r-patched-solaris-x86, r-release-osx-x86_64

Version: 0.70.3
Check: re-building of vignette outputs
Result: WARN
    Error(s) in re-building vignettes:
     ...
    --- re-building ‘dsa-vignette.Rmd’ using rmarkdown
    Warning in engine$weave(file, quiet = quiet, encoding = enc) :
     Pandoc (>= 1.12.3) and/or pandoc-citeproc not available. Falling back to R Markdown v1.
    Quitting from lines 37-38 (dsa-vignette.Rmd)
    Error: processing vignette 'dsa-vignette.Rmd' failed with diagnostics:
    Saving a widget with selfcontained = TRUE requires pandoc. For details see:
    https://github.com/rstudio/rmarkdown/blob/master/PANDOC.md
    --- failed re-building ‘dsa-vignette.Rmd’
    
    SUMMARY: processing the following file failed:
     ‘dsa-vignette.Rmd’
    
    Error: Vignette re-building failed.
    Execution halted
Flavor: r-patched-solaris-x86

Version: 0.70.3
Check: re-building of vignette outputs
Result: WARN
    Error in re-building vignettes:
     ...
    Warning in engine$weave(file, quiet = quiet, encoding = enc) :
     Pandoc (>= 1.12.3) and/or pandoc-citeproc not available. Falling back to R Markdown v1.
    Quitting from lines 37-38 (dsa-vignette.Rmd)
    Error: processing vignette 'dsa-vignette.Rmd' failed with diagnostics:
    Saving a widget with selfcontained = TRUE requires pandoc. For details see:
    https://github.com/rstudio/rmarkdown/blob/master/PANDOC.md
    Execution halted
Flavor: r-release-osx-x86_64

Version: 0.61.7
Check: dependencies in R code
Result: NOTE
    Namespaces in Imports field not imported from:
     ‘rJava’ ‘tools’ ‘xtable’
     All declared Imports should be used.
Flavor: r-oldrel-osx-x86_64