Last updated on 2023-03-30 05:49:07 CEST.
Flavor | Version | Tinstall | Tcheck | Ttotal | Status | Flags |
---|---|---|---|---|---|---|
r-devel-linux-x86_64-debian-clang | 2020.2-1 | 20.94 | 126.86 | 147.80 | OK | |
r-devel-linux-x86_64-debian-gcc | 2020.2-1 | 13.48 | 96.17 | 109.65 | OK | |
r-devel-linux-x86_64-fedora-clang | 2020.2-1 | 179.39 | NOTE | |||
r-devel-linux-x86_64-fedora-gcc | 2020.2-1 | 1223.99 | NOTE | |||
r-devel-windows-x86_64 | 2020.2-1 | 98.00 | 0.00 | 98.00 | OK | |
r-patched-linux-x86_64 | 2020.2-1 | 18.40 | 121.68 | 140.08 | OK | |
r-release-linux-x86_64 | 2020.2-1 | 13.37 | 118.41 | 131.78 | OK | |
r-release-macos-arm64 | 2020.2-1 | 308.00 | OK | |||
r-release-macos-x86_64 | 2020.2-1 | 603.00 | OK | |||
r-release-windows-x86_64 | 2020.2-1 | 67.00 | 185.00 | 252.00 | OK | |
r-oldrel-macos-arm64 | 2020.2-1 | 308.00 | OK | |||
r-oldrel-macos-x86_64 | 2020.2-1 | 905.00 | OK | |||
r-oldrel-windows-ix86+x86_64 | 2020.2-1 | 34.00 | 188.00 | 222.00 | OK |
Version: 2020.2-1
Check: Rd cross-references
Result: NOTE
Undeclared package ‘EvalEst’ in Rd xrefs
Flavor: r-devel-linux-x86_64-fedora-clang
Version: 2020.2-1
Check: compiled code
Result: NOTE
File ‘dse/libs/dse.so’:
Found no calls to: ‘R_registerRoutines’, ‘R_useDynamicSymbols’
It is good practice to register native routines and to disable symbol
search.
See ‘Writing portable packages’ in the ‘Writing R Extensions’ manual.
Flavors: r-devel-linux-x86_64-fedora-clang, r-devel-linux-x86_64-fedora-gcc