Last updated on 2023-03-29 11:52:14 CEST.
Flavor | Version | Tinstall | Tcheck | Ttotal | Status | Flags |
---|---|---|---|---|---|---|
r-devel-linux-x86_64-debian-clang | 0.1.2 | 3.30 | 36.70 | 40.00 | OK | |
r-devel-linux-x86_64-debian-gcc | 0.1.2 | 2.49 | 28.21 | 30.70 | OK | |
r-devel-linux-x86_64-fedora-clang | 0.1.2 | 49.14 | OK | |||
r-devel-linux-x86_64-fedora-gcc | 0.1.2 | 59.98 | OK | |||
r-devel-windows-x86_64 | 0.1.2 | 34.00 | 76.00 | 110.00 | OK | |
r-patched-linux-x86_64 | 0.1.2 | 3.87 | 34.95 | 38.82 | OK | |
r-release-linux-x86_64 | 0.1.2 | 3.38 | 35.87 | 39.25 | OK | |
r-release-macos-arm64 | 0.1.2 | 7.00 | ERROR | |||
r-release-macos-x86_64 | 0.1.2 | 7.00 | ERROR | |||
r-release-windows-x86_64 | 0.1.2 | 29.00 | 73.00 | 102.00 | OK | |
r-oldrel-macos-arm64 | 0.1.2 | 9.00 | ERROR | |||
r-oldrel-macos-x86_64 | 0.1.2 | 11.00 | ERROR | |||
r-oldrel-windows-ix86+x86_64 | 0.1.2 | 8.00 | 20.00 | 28.00 | ERROR |
Version: 0.1.2
Check: package dependencies
Result: ERROR
Package required and available but unsuitable version: ‘stats’
See section ‘The DESCRIPTION file’ in the ‘Writing R Extensions’
manual.
Flavors: r-release-macos-arm64, r-release-macos-x86_64, r-oldrel-macos-arm64, r-oldrel-macos-x86_64, r-oldrel-windows-ix86+x86_64