CRAN Package Check Results for Package dtplyr

Last updated on 2021-06-16 11:54:17 CEST.

Flavor Version Tinstall Tcheck Ttotal Status Flags
r-devel-linux-x86_64-debian-clang 1.1.0 6.15 75.10 81.25 NOTE
r-devel-linux-x86_64-debian-gcc 1.1.0 4.79 53.57 58.36 NOTE
r-devel-linux-x86_64-fedora-clang 1.1.0 102.79 NOTE
r-devel-linux-x86_64-fedora-gcc 1.1.0 89.92 NOTE
r-devel-windows-x86_64 1.1.0 10.00 89.00 99.00 NOTE
r-devel-windows-x86_64-gcc10-UCRT 1.1.0 NOTE
r-patched-linux-x86_64 1.1.0 9.33 67.14 76.47 NOTE
r-patched-solaris-x86 1.1.0 120.40 NOTE
r-release-linux-x86_64 1.1.0 6.48 68.31 74.79 NOTE
r-release-macos-arm64 1.1.0 NOTE
r-release-macos-x86_64 1.1.0 NOTE
r-release-windows-ix86+x86_64 1.1.0 15.00 89.00 104.00 NOTE
r-oldrel-macos-x86_64 1.1.0 OK
r-oldrel-windows-ix86+x86_64 1.1.0 21.00 98.00 119.00 OK

Check Details

Version: 1.1.0
Check: LazyData
Result: NOTE
     'LazyData' is specified without a 'data' directory
Flavors: r-devel-linux-x86_64-debian-clang, r-devel-linux-x86_64-debian-gcc, r-devel-linux-x86_64-fedora-clang, r-devel-linux-x86_64-fedora-gcc, r-devel-windows-x86_64, r-devel-windows-x86_64-gcc10-UCRT, r-patched-linux-x86_64, r-patched-solaris-x86, r-release-linux-x86_64, r-release-macos-arm64, r-release-macos-x86_64, r-release-windows-ix86+x86_64